{"id":56,"date":"2019-07-28T14:21:24","date_gmt":"2019-07-28T14:21:24","guid":{"rendered":"http:\/\/www.jbt.hu\/wordpress\/gepkes\/?page_id=56"},"modified":"2019-11-25T10:52:50","modified_gmt":"2019-11-25T10:52:50","slug":"daralok-vagoeszkozei","status":"publish","type":"page","link":"http:\/\/www.jbt.hu\/wordpress\/gepkes\/daralok-vagoeszkozei\/","title":{"rendered":"Dar\u00e1l\u00f3k v\u00e1g\u00f3eszk\u00f6zei"},"content":{"rendered":"\n<div class=\"wp-block-image\"><figure class=\"alignleft size-large\"><img decoding=\"async\" loading=\"lazy\" width=\"320\" height=\"240\" src=\"http:\/\/www.jbt.hu\/wordpress\/gepkes\/wp-content\/uploads\/sites\/4\/2019\/11\/Wolfteile.png\" alt=\"\" class=\"wp-image-591\" srcset=\"http:\/\/www.jbt.hu\/wordpress\/gepkes\/wp-content\/uploads\/sites\/4\/2019\/11\/Wolfteile.png 320w, http:\/\/www.jbt.hu\/wordpress\/gepkes\/wp-content\/uploads\/sites\/4\/2019\/11\/Wolfteile-300x225.png 300w\" sizes=\"(max-width: 320px) 100vw, 320px\" \/><\/figure><\/div>\n\n\n\n<p>Lyukt\u00e1rcs\u00e1k, dar\u00e1l\u00f3k\u00e9sek, el\u0151v\u00e1g\u00f3 t\u00e1rcs\u00e1k \u00e9s a nemzetk\u00f6zileg ismert cser\u00e9lhet\u0151 lapk\u00e1s \u00e9s peng\u00e9s v\u00e1g\u00f3rendszerekn\u00e9l haszn\u00e1latos peng\u00e9k \u00e9s lapk\u00e1k is sz\u00e1ll\u00edt\u00e1si programunkba tartoznak (ANCO AND COZZINI, COMVAIR, D\u00dcCKER, HOEGGER, INOTEC-KS, KILIA, KR\u00c4MER+ GREBE, KARL SCHNELL, KS, LICOSWISS, LASKA , PALMIA, SIMO, SEYDELMANNWOLF, UNGER, VEMAG, WEILER, WOLFKING)<br><br>A dar\u00e1l\u00f3 v\u00e1g\u00f3eszk\u00f6z\u00f6ket ak\u00e1r az iparban \u00e1ltal\u00e1ban haszn\u00e1latos szersz\u00e1mac\u00e9l alapanyagb\u00f3l, vagy k\u00edv\u00e1ns\u00e1g szerint rozsdamentes alapanyagb\u00f3l is sz\u00e1ll\u00edtani tudjuk.<br><\/p>\n","protected":false},"excerpt":{"rendered":"<p>Lyukt\u00e1rcs\u00e1k, dar\u00e1l\u00f3k\u00e9sek, el\u0151v\u00e1g\u00f3 t\u00e1rcs\u00e1k \u00e9s a nemzetk\u00f6zileg ismert cser\u00e9lhet\u0151 lapk\u00e1s \u00e9s peng\u00e9s v\u00e1g\u00f3rendszerekn\u00e9l haszn\u00e1latos peng\u00e9k \u00e9s lapk\u00e1k is sz\u00e1ll\u00edt\u00e1si programunkba tartoznak (ANCO AND COZZINI, COMVAIR, D\u00dcCKER, HOEGGER, INOTEC-KS, KILIA, KR\u00c4MER+ GREBE, KARL SCHNELL, KS, LICOSWISS, LASKA , PALMIA, SIMO, SEYDELMANNWOLF, UNGER, VEMAG, WEILER, WOLFKING) A dar\u00e1l\u00f3 v\u00e1g\u00f3eszk\u00f6z\u00f6ket ak\u00e1r az iparban <a href=\"http:\/\/www.jbt.hu\/wordpress\/gepkes\/daralok-vagoeszkozei\/\" class=\"more-link\">Read More<\/a><\/p>\n","protected":false},"author":1,"featured_media":0,"parent":0,"menu_order":0,"comment_status":"closed","ping_status":"closed","template":"","meta":[],"aioseo_notices":[],"_links":{"self":[{"href":"http:\/\/www.jbt.hu\/wordpress\/gepkes\/wp-json\/wp\/v2\/pages\/56"}],"collection":[{"href":"http:\/\/www.jbt.hu\/wordpress\/gepkes\/wp-json\/wp\/v2\/pages"}],"about":[{"href":"http:\/\/www.jbt.hu\/wordpress\/gepkes\/wp-json\/wp\/v2\/types\/page"}],"author":[{"embeddable":true,"href":"http:\/\/www.jbt.hu\/wordpress\/gepkes\/wp-json\/wp\/v2\/users\/1"}],"replies":[{"embeddable":true,"href":"http:\/\/www.jbt.hu\/wordpress\/gepkes\/wp-json\/wp\/v2\/comments?post=56"}],"version-history":[{"count":7,"href":"http:\/\/www.jbt.hu\/wordpress\/gepkes\/wp-json\/wp\/v2\/pages\/56\/revisions"}],"predecessor-version":[{"id":608,"href":"http:\/\/www.jbt.hu\/wordpress\/gepkes\/wp-json\/wp\/v2\/pages\/56\/revisions\/608"}],"wp:attachment":[{"href":"http:\/\/www.jbt.hu\/wordpress\/gepkes\/wp-json\/wp\/v2\/media?parent=56"}],"curies":[{"name":"wp","href":"https:\/\/api.w.org\/{rel}","templated":true}]}}