{"id":221,"date":"2019-07-29T08:34:07","date_gmt":"2019-07-29T08:34:07","guid":{"rendered":"http:\/\/www.jbt.hu\/wordpress\/gepkes\/?page_id=221"},"modified":"2019-07-29T08:38:47","modified_gmt":"2019-07-29T08:38:47","slug":"modul-rendszeru-univerzalis-folyadekhuteses-koszoru","status":"publish","type":"page","link":"http:\/\/www.jbt.hu\/wordpress\/gepkes\/modul-rendszeru-univerzalis-folyadekhuteses-koszoru\/","title":{"rendered":"Modul rendszer\u0171, univerz\u00e1lis, folyad\u00e9kh\u0171t\u00e9ses k\u00f6sz\u00f6r\u0171"},"content":{"rendered":"\n<div class=\"wp-block-image\"><figure class=\"alignleft\"><img decoding=\"async\" loading=\"lazy\" width=\"477\" height=\"266\" src=\"http:\/\/www.jbt.hu\/wordpress\/gepkes\/wp-content\/uploads\/sites\/4\/2019\/07\/modulrenduniv1.png\" alt=\"\" class=\"wp-image-222\" srcset=\"http:\/\/www.jbt.hu\/wordpress\/gepkes\/wp-content\/uploads\/sites\/4\/2019\/07\/modulrenduniv1.png 477w, http:\/\/www.jbt.hu\/wordpress\/gepkes\/wp-content\/uploads\/sites\/4\/2019\/07\/modulrenduniv1-300x167.png 300w\" sizes=\"(max-width: 477px) 100vw, 477px\" \/><\/figure><\/div>\n\n\n\n<p>\n\nModul rendszer\u0171, univerz\u00e1lis, folyad\u00e9kh\u0171t\u00e9ses k\u00f6sz\u00f6r\u0171 k\u00e9t v\u00e1ltozatban, t\u00f6bbf\u00e9le modullal felszerelhet\u0151en rendelhet\u0151.<\/p>\n\n\n\n<p><strong>Kev\u00e9s sz\u00e1m\u00fa kutterk\u00e9s \u00e9s m\u00e1s \u00e9lezend\u0151 g\u00e9pk\u00e9shez<\/strong>&nbsp;v\u00edzh\u0171t\u00e9s\u0171 50&#215;950 mm-es csiszol\u00f3szalagos, 200 mm-es pol\u00edrkorongos asztali alapg\u00e9p 450W-os motorral.<\/p>\n\n\n\n<p>Rendelhet\u0151 k\u00fcl\u00f6n az asztali alapg\u00e9p \u00e9s v\u00e1laszthat\u00f3 modulok is:<br><\/p>\n\n\n\n<ul><li> kutterk\u00e9s \u00e9lez\u0151 modullal 100-380 mm k\u00f6z\u00f6tti r\u00e1diusz\u00fa kutterk\u00e9sekhez<\/li><li> k\u00f6rk\u00e9s \u00e9lez\u0151 modullal 150-350 mm k\u00f6z\u00f6tti k\u00f6rk\u00e9sekhez<\/li><li> oll\u00f3 \u00e9lez\u0151 modullal,<\/li><li> k\u00e9sz\u00fcl\u00e9k szekr\u00e9nnyel<br><\/li><\/ul>\n\n\n\n<p><strong>T\u00f6bb \u00e9lezend\u0151 term\u00e9khez<\/strong>&nbsp;a fenti alapg\u00e9p 70&#215;1900 mm-es vizes csiszol\u00f3szalaggal, 250 mm-es pol\u00edrkoronggal \u00e9s 1500W-os motorral felszerelt.<\/p>\n\n\n\n<p>Ig\u00e9ny szerint ugyanezekkel a k\u00fcl\u00f6n v\u00e1laszthat\u00f3, rendelhet\u0151 modulokkal is sz\u00e1ll\u00edthat\u00f3.&nbsp;<\/p>\n\n\n\n<div class=\"wp-block-image\"><figure class=\"alignleft\"><img decoding=\"async\" loading=\"lazy\" width=\"249\" height=\"365\" src=\"http:\/\/www.jbt.hu\/wordpress\/gepkes\/wp-content\/uploads\/sites\/4\/2019\/07\/modulrenduniv2.png\" alt=\"\" class=\"wp-image-224\" srcset=\"http:\/\/www.jbt.hu\/wordpress\/gepkes\/wp-content\/uploads\/sites\/4\/2019\/07\/modulrenduniv2.png 249w, http:\/\/www.jbt.hu\/wordpress\/gepkes\/wp-content\/uploads\/sites\/4\/2019\/07\/modulrenduniv2-205x300.png 205w\" sizes=\"(max-width: 249px) 100vw, 249px\" \/><\/figure><\/div>\n\n\n\n<div class=\"wp-block-image\"><figure class=\"alignleft\"><img decoding=\"async\" loading=\"lazy\" width=\"318\" height=\"218\" src=\"http:\/\/www.jbt.hu\/wordpress\/gepkes\/wp-content\/uploads\/sites\/4\/2019\/07\/modulrenduniv3.png\" alt=\"\" class=\"wp-image-225\" srcset=\"http:\/\/www.jbt.hu\/wordpress\/gepkes\/wp-content\/uploads\/sites\/4\/2019\/07\/modulrenduniv3.png 318w, http:\/\/www.jbt.hu\/wordpress\/gepkes\/wp-content\/uploads\/sites\/4\/2019\/07\/modulrenduniv3-300x206.png 300w\" sizes=\"(max-width: 318px) 100vw, 318px\" \/><\/figure><\/div>\n\n\n\n<div class=\"wp-block-image\"><figure class=\"alignleft\"><img decoding=\"async\" loading=\"lazy\" width=\"275\" height=\"230\" src=\"http:\/\/www.jbt.hu\/wordpress\/gepkes\/wp-content\/uploads\/sites\/4\/2019\/07\/modulrenduniv4.png\" alt=\"\" class=\"wp-image-226\"\/><\/figure><\/div>\n\n\n\n<div class=\"wp-block-image\"><figure class=\"alignleft\"><img decoding=\"async\" loading=\"lazy\" width=\"290\" height=\"357\" src=\"http:\/\/www.jbt.hu\/wordpress\/gepkes\/wp-content\/uploads\/sites\/4\/2019\/07\/modulrenduniv5.png\" alt=\"\" class=\"wp-image-227\" srcset=\"http:\/\/www.jbt.hu\/wordpress\/gepkes\/wp-content\/uploads\/sites\/4\/2019\/07\/modulrenduniv5.png 290w, http:\/\/www.jbt.hu\/wordpress\/gepkes\/wp-content\/uploads\/sites\/4\/2019\/07\/modulrenduniv5-244x300.png 244w\" sizes=\"(max-width: 290px) 100vw, 290px\" \/><\/figure><\/div>\n","protected":false},"excerpt":{"rendered":"<p>Modul rendszer\u0171, univerz\u00e1lis, folyad\u00e9kh\u0171t\u00e9ses k\u00f6sz\u00f6r\u0171 k\u00e9t v\u00e1ltozatban, t\u00f6bbf\u00e9le modullal felszerelhet\u0151en rendelhet\u0151. Kev\u00e9s sz\u00e1m\u00fa kutterk\u00e9s \u00e9s m\u00e1s \u00e9lezend\u0151 g\u00e9pk\u00e9shez&nbsp;v\u00edzh\u0171t\u00e9s\u0171 50&#215;950 mm-es csiszol\u00f3szalagos, 200 mm-es pol\u00edrkorongos asztali alapg\u00e9p 450W-os motorral. Rendelhet\u0151 k\u00fcl\u00f6n az asztali alapg\u00e9p \u00e9s v\u00e1laszthat\u00f3 modulok is: kutterk\u00e9s \u00e9lez\u0151 modullal 100-380 mm k\u00f6z\u00f6tti r\u00e1diusz\u00fa kutterk\u00e9sekhez k\u00f6rk\u00e9s \u00e9lez\u0151 modullal 150-350 mm <a href=\"http:\/\/www.jbt.hu\/wordpress\/gepkes\/modul-rendszeru-univerzalis-folyadekhuteses-koszoru\/\" class=\"more-link\">Read More<\/a><\/p>\n","protected":false},"author":1,"featured_media":0,"parent":0,"menu_order":0,"comment_status":"closed","ping_status":"closed","template":"","meta":[],"aioseo_notices":[],"_links":{"self":[{"href":"http:\/\/www.jbt.hu\/wordpress\/gepkes\/wp-json\/wp\/v2\/pages\/221"}],"collection":[{"href":"http:\/\/www.jbt.hu\/wordpress\/gepkes\/wp-json\/wp\/v2\/pages"}],"about":[{"href":"http:\/\/www.jbt.hu\/wordpress\/gepkes\/wp-json\/wp\/v2\/types\/page"}],"author":[{"embeddable":true,"href":"http:\/\/www.jbt.hu\/wordpress\/gepkes\/wp-json\/wp\/v2\/users\/1"}],"replies":[{"embeddable":true,"href":"http:\/\/www.jbt.hu\/wordpress\/gepkes\/wp-json\/wp\/v2\/comments?post=221"}],"version-history":[{"count":4,"href":"http:\/\/www.jbt.hu\/wordpress\/gepkes\/wp-json\/wp\/v2\/pages\/221\/revisions"}],"predecessor-version":[{"id":231,"href":"http:\/\/www.jbt.hu\/wordpress\/gepkes\/wp-json\/wp\/v2\/pages\/221\/revisions\/231"}],"wp:attachment":[{"href":"http:\/\/www.jbt.hu\/wordpress\/gepkes\/wp-json\/wp\/v2\/media?parent=221"}],"curies":[{"name":"wp","href":"https:\/\/api.w.org\/{rel}","templated":true}]}}