{"id":167,"date":"2019-07-28T16:44:04","date_gmt":"2019-07-28T16:44:04","guid":{"rendered":"http:\/\/www.jbt.hu\/wordpress\/gepkes\/?page_id=167"},"modified":"2019-07-29T11:57:02","modified_gmt":"2019-07-29T11:57:02","slug":"gyorsacel-korkesek-fogazott-korkesek-es-korfureszlapok","status":"publish","type":"page","link":"http:\/\/www.jbt.hu\/wordpress\/gepkes\/gyorsacel-korkesek-fogazott-korkesek-es-korfureszlapok\/","title":{"rendered":"Gyorsac\u00e9l k\u00f6rk\u00e9sek, fogazott k\u00f6rk\u00e9sek \u00e9s k\u00f6rf\u0171r\u00e9szlapok"},"content":{"rendered":"\n<p>A gumi, m\u0171anyag, b\u0151r, pap\u00edr, szigetel\u0151anyag gy\u00e1rt\u00f3 ipar sokf\u00e9le alapanyagb\u00f3l k\u00e9sz\u00fclt sokf\u00e9le kivitel\u0171 \u00e9s m\u00e9ret\u0171, t\u00f6bbf\u00e9le ac\u00e9l alapanyagb\u00f3l k\u00e9sz\u00fcl\u0151 k\u00f6rk\u00e9st haszn\u00e1l.&nbsp;<\/p>\n\n\n\n<p>K\u00fcl\u00f6nf\u00e9l\u00e9k az \u00e9l kialak\u00edt\u00e1sok, \u00e9l peremek is, melyb\u0151l p\u00e9ld\u00e1kat mutat az al\u00e1bbi k\u00e9p:\n\n<\/p>\n\n\n\n<div class=\"wp-block-image\"><figure class=\"aligncenter\"><img decoding=\"async\" loading=\"lazy\" width=\"377\" height=\"139\" src=\"http:\/\/www.jbt.hu\/wordpress\/gepkes\/wp-content\/uploads\/sites\/4\/2019\/07\/hsskorkesek1.jpg\" alt=\"\" class=\"wp-image-139\" srcset=\"http:\/\/www.jbt.hu\/wordpress\/gepkes\/wp-content\/uploads\/sites\/4\/2019\/07\/hsskorkesek1.jpg 377w, http:\/\/www.jbt.hu\/wordpress\/gepkes\/wp-content\/uploads\/sites\/4\/2019\/07\/hsskorkesek1-300x111.jpg 300w\" sizes=\"(max-width: 377px) 100vw, 377px\" \/><\/figure><\/div>\n\n\n\n<hr class=\"wp-block-separator\"\/>\n\n\n[table &#8220;3&#8221; not found \/]<br \/>\n\n\n\n[table &#8220;4&#8221; not found \/]<br \/>\n\n","protected":false},"excerpt":{"rendered":"<p>A gumi, m\u0171anyag, b\u0151r, pap\u00edr, szigetel\u0151anyag gy\u00e1rt\u00f3 ipar sokf\u00e9le alapanyagb\u00f3l k\u00e9sz\u00fclt sokf\u00e9le kivitel\u0171 \u00e9s m\u00e9ret\u0171, t\u00f6bbf\u00e9le ac\u00e9l alapanyagb\u00f3l k\u00e9sz\u00fcl\u0151 k\u00f6rk\u00e9st haszn\u00e1l.&nbsp; K\u00fcl\u00f6nf\u00e9l\u00e9k az \u00e9l kialak\u00edt\u00e1sok, \u00e9l peremek is, melyb\u0151l p\u00e9ld\u00e1kat mutat az al\u00e1bbi k\u00e9p:<\/p>\n","protected":false},"author":1,"featured_media":0,"parent":0,"menu_order":0,"comment_status":"closed","ping_status":"closed","template":"","meta":[],"aioseo_notices":[],"_links":{"self":[{"href":"http:\/\/www.jbt.hu\/wordpress\/gepkes\/wp-json\/wp\/v2\/pages\/167"}],"collection":[{"href":"http:\/\/www.jbt.hu\/wordpress\/gepkes\/wp-json\/wp\/v2\/pages"}],"about":[{"href":"http:\/\/www.jbt.hu\/wordpress\/gepkes\/wp-json\/wp\/v2\/types\/page"}],"author":[{"embeddable":true,"href":"http:\/\/www.jbt.hu\/wordpress\/gepkes\/wp-json\/wp\/v2\/users\/1"}],"replies":[{"embeddable":true,"href":"http:\/\/www.jbt.hu\/wordpress\/gepkes\/wp-json\/wp\/v2\/comments?post=167"}],"version-history":[{"count":4,"href":"http:\/\/www.jbt.hu\/wordpress\/gepkes\/wp-json\/wp\/v2\/pages\/167\/revisions"}],"predecessor-version":[{"id":383,"href":"http:\/\/www.jbt.hu\/wordpress\/gepkes\/wp-json\/wp\/v2\/pages\/167\/revisions\/383"}],"wp:attachment":[{"href":"http:\/\/www.jbt.hu\/wordpress\/gepkes\/wp-json\/wp\/v2\/media?parent=167"}],"curies":[{"name":"wp","href":"https:\/\/api.w.org\/{rel}","templated":true}]}}