{"id":7,"date":"2019-08-13T11:17:12","date_gmt":"2019-08-13T11:17:12","guid":{"rendered":"http:\/\/www.jbt.hu\/wordpress\/foliahegesztok\/?page_id=7"},"modified":"2019-11-22T10:08:59","modified_gmt":"2019-11-22T10:08:59","slug":"ipari-csomagolas","status":"publish","type":"page","link":"http:\/\/www.jbt.hu\/wordpress\/foliahegesztok\/ipari-csomagolas\/","title":{"rendered":"Ipari csomagol\u00e1s"},"content":{"rendered":"\t\t<div data-elementor-type=\"wp-page\" data-elementor-id=\"7\" class=\"elementor elementor-7\">\n\t\t\t\t\t\t<div class=\"elementor-inner\">\n\t\t\t\t<div class=\"elementor-section-wrap\">\n\t\t\t\t\t\t\t\t\t<section class=\"elementor-section elementor-top-section elementor-element elementor-element-c1063b4 elementor-section-boxed elementor-section-height-default elementor-section-height-default\" data-id=\"c1063b4\" data-element_type=\"section\">\n\t\t\t\t\t\t<div class=\"elementor-container elementor-column-gap-default\">\n\t\t\t\t\t\t\t<div class=\"elementor-row\">\n\t\t\t\t\t<div class=\"elementor-column elementor-col-33 elementor-top-column elementor-element elementor-element-a5ba0bd\" data-id=\"a5ba0bd\" data-element_type=\"column\">\n\t\t\t<div class=\"elementor-column-wrap elementor-element-populated\">\n\t\t\t\t\t\t\t<div class=\"elementor-widget-wrap\">\n\t\t\t\t\t\t<div class=\"elementor-element elementor-element-3639883 elementor-position-top elementor-vertical-align-top elementor-widget elementor-widget-image-box\" data-id=\"3639883\" data-element_type=\"widget\" data-widget_type=\"image-box.default\">\n\t\t\t\t<div class=\"elementor-widget-container\">\n\t\t\t<div class=\"elementor-image-box-wrapper\"><figure class=\"elementor-image-box-img\"><a href=\"http:\/\/www.jbt.hu\/wordpress\/foliahegesztok\/hoimpulzusos-foliahegesztok\/\"><img decoding=\"async\" width=\"500\" height=\"320\" src=\"http:\/\/www.jbt.hu\/wordpress\/foliahegesztok\/wp-content\/uploads\/sites\/10\/2019\/08\/hoimpfolheg1.jpg\" class=\"attachment-full size-full\" alt=\"\" loading=\"lazy\" \/><\/a><\/figure><div class=\"elementor-image-box-content\"><h4 class=\"elementor-image-box-title\"><a href=\"http:\/\/www.jbt.hu\/wordpress\/foliahegesztok\/hoimpulzusos-foliahegesztok\/\">H\u0151impulzusos f\u00f3liahegeszt\u0151k<\/a><\/h4><\/div><\/div>\t\t<\/div>\n\t\t\t\t<\/div>\n\t\t\t\t\t\t<\/div>\n\t\t\t\t\t<\/div>\n\t\t<\/div>\n\t\t\t\t<div class=\"elementor-column elementor-col-33 elementor-top-column elementor-element elementor-element-89a4b05\" data-id=\"89a4b05\" data-element_type=\"column\">\n\t\t\t<div class=\"elementor-column-wrap elementor-element-populated\">\n\t\t\t\t\t\t\t<div class=\"elementor-widget-wrap\">\n\t\t\t\t\t\t<div class=\"elementor-element elementor-element-b5b8de8 elementor-position-top elementor-vertical-align-top elementor-widget elementor-widget-image-box\" data-id=\"b5b8de8\" data-element_type=\"widget\" data-widget_type=\"image-box.default\">\n\t\t\t\t<div class=\"elementor-widget-container\">\n\t\t\t<div class=\"elementor-image-box-wrapper\"><figure class=\"elementor-image-box-img\"><a href=\"http:\/\/www.jbt.hu\/wordpress\/foliahegesztok\/asztali-kezi-mukodtetesu-foliahegesztok\/\"><img decoding=\"async\" width=\"413\" height=\"384\" src=\"http:\/\/www.jbt.hu\/wordpress\/foliahegesztok\/wp-content\/uploads\/sites\/10\/2019\/08\/kezmukaszt2.jpg\" class=\"attachment-full size-full\" alt=\"\" loading=\"lazy\" \/><\/a><\/figure><div class=\"elementor-image-box-content\"><h4 class=\"elementor-image-box-title\"><a href=\"http:\/\/www.jbt.hu\/wordpress\/foliahegesztok\/asztali-kezi-mukodtetesu-foliahegesztok\/\">Asztali k\u00e9zi m\u0171k\u00f6dtet\u00e9s\u0171 f\u00f3liahegeszt\u0151k<\/a><\/h4><\/div><\/div>\t\t<\/div>\n\t\t\t\t<\/div>\n\t\t\t\t\t\t<\/div>\n\t\t\t\t\t<\/div>\n\t\t<\/div>\n\t\t\t\t<div class=\"elementor-column elementor-col-33 elementor-top-column elementor-element elementor-element-efefd58\" data-id=\"efefd58\" data-element_type=\"column\">\n\t\t\t<div class=\"elementor-column-wrap elementor-element-populated\">\n\t\t\t\t\t\t\t<div class=\"elementor-widget-wrap\">\n\t\t\t\t\t\t<div class=\"elementor-element elementor-element-04033d0 elementor-position-top elementor-vertical-align-top elementor-widget elementor-widget-image-box\" data-id=\"04033d0\" data-element_type=\"widget\" data-widget_type=\"image-box.default\">\n\t\t\t\t<div class=\"elementor-widget-container\">\n\t\t\t<div class=\"elementor-image-box-wrapper\"><figure class=\"elementor-image-box-img\"><a href=\"http:\/\/www.jbt.hu\/wordpress\/foliahegesztok\/vertikalis-elektromagneses-asztali-foliahegesztok\/\"><img decoding=\"async\" width=\"357\" height=\"379\" src=\"http:\/\/www.jbt.hu\/wordpress\/foliahegesztok\/wp-content\/uploads\/sites\/10\/2019\/08\/magver2.jpg\" class=\"attachment-full size-full\" alt=\"\" loading=\"lazy\" \/><\/a><\/figure><div class=\"elementor-image-box-content\"><h4 class=\"elementor-image-box-title\"><a href=\"http:\/\/www.jbt.hu\/wordpress\/foliahegesztok\/vertikalis-elektromagneses-asztali-foliahegesztok\/\">Vertik\u00e1lis elektrom\u00e1gneses asztali f\u00f3lia hegeszt\u0151k<\/a><\/h4><\/div><\/div>\t\t<\/div>\n\t\t\t\t<\/div>\n\t\t\t\t\t\t<\/div>\n\t\t\t\t\t<\/div>\n\t\t<\/div>\n\t\t\t\t\t\t\t\t<\/div>\n\t\t\t\t\t<\/div>\n\t\t<\/section>\n\t\t\t\t<section class=\"elementor-section elementor-top-section elementor-element elementor-element-9f4d854 elementor-section-boxed elementor-section-height-default elementor-section-height-default\" data-id=\"9f4d854\" data-element_type=\"section\">\n\t\t\t\t\t\t<div class=\"elementor-container elementor-column-gap-default\">\n\t\t\t\t\t\t\t<div class=\"elementor-row\">\n\t\t\t\t\t<div class=\"elementor-column elementor-col-33 elementor-top-column elementor-element elementor-element-169e673\" data-id=\"169e673\" data-element_type=\"column\">\n\t\t\t<div class=\"elementor-column-wrap elementor-element-populated\">\n\t\t\t\t\t\t\t<div class=\"elementor-widget-wrap\">\n\t\t\t\t\t\t<div class=\"elementor-element elementor-element-c96bc88 elementor-position-top elementor-vertical-align-top elementor-widget elementor-widget-image-box\" data-id=\"c96bc88\" data-element_type=\"widget\" data-widget_type=\"image-box.default\">\n\t\t\t\t<div class=\"elementor-widget-container\">\n\t\t\t<div class=\"elementor-image-box-wrapper\"><figure class=\"elementor-image-box-img\"><a href=\"http:\/\/www.jbt.hu\/wordpress\/foliahegesztok\/horizontalis-elektromagneses-asztali-foliahegesztok\/\"><img decoding=\"async\" width=\"439\" height=\"224\" src=\"http:\/\/www.jbt.hu\/wordpress\/foliahegesztok\/wp-content\/uploads\/sites\/10\/2019\/08\/maghor3.jpg\" class=\"attachment-full size-full\" alt=\"\" loading=\"lazy\" \/><\/a><\/figure><div class=\"elementor-image-box-content\"><h4 class=\"elementor-image-box-title\"><a href=\"http:\/\/www.jbt.hu\/wordpress\/foliahegesztok\/horizontalis-elektromagneses-asztali-foliahegesztok\/\">Horizont\u00e1lis elektrom\u00e1gneses asztali f\u00f3liahegeszt\u0151k<\/a><\/h4><\/div><\/div>\t\t<\/div>\n\t\t\t\t<\/div>\n\t\t\t\t\t\t<\/div>\n\t\t\t\t\t<\/div>\n\t\t<\/div>\n\t\t\t\t<div class=\"elementor-column elementor-col-33 elementor-top-column elementor-element elementor-element-3860e56\" data-id=\"3860e56\" data-element_type=\"column\">\n\t\t\t<div class=\"elementor-column-wrap elementor-element-populated\">\n\t\t\t\t\t\t\t<div class=\"elementor-widget-wrap\">\n\t\t\t\t\t\t<div class=\"elementor-element elementor-element-0fcb757 elementor-position-top elementor-vertical-align-top elementor-widget elementor-widget-image-box\" data-id=\"0fcb757\" data-element_type=\"widget\" data-widget_type=\"image-box.default\">\n\t\t\t\t<div class=\"elementor-widget-container\">\n\t\t\t<div class=\"elementor-image-box-wrapper\"><figure class=\"elementor-image-box-img\"><a href=\"http:\/\/www.jbt.hu\/wordpress\/foliahegesztok\/tobbretegu-foliak-hegesztese\/\"><img decoding=\"async\" width=\"796\" height=\"485\" src=\"http:\/\/www.jbt.hu\/wordpress\/foliahegesztok\/wp-content\/uploads\/sites\/10\/2019\/08\/235-HSG.jpg\" class=\"attachment-full size-full\" alt=\"\" loading=\"lazy\" \/><\/a><\/figure><div class=\"elementor-image-box-content\"><h4 class=\"elementor-image-box-title\"><a href=\"http:\/\/www.jbt.hu\/wordpress\/foliahegesztok\/tobbretegu-foliak-hegesztese\/\">T\u00f6bbr\u00e9teg\u0171 f\u00f3lia hegeszt\u0151<\/a><\/h4><\/div><\/div>\t\t<\/div>\n\t\t\t\t<\/div>\n\t\t\t\t\t\t<\/div>\n\t\t\t\t\t<\/div>\n\t\t<\/div>\n\t\t\t\t<div class=\"elementor-column elementor-col-33 elementor-top-column elementor-element elementor-element-a7e7171\" data-id=\"a7e7171\" data-element_type=\"column\">\n\t\t\t<div class=\"elementor-column-wrap elementor-element-populated\">\n\t\t\t\t\t\t\t<div class=\"elementor-widget-wrap\">\n\t\t\t\t\t\t<div class=\"elementor-element elementor-element-a191670 elementor-position-top elementor-vertical-align-top elementor-widget elementor-widget-image-box\" data-id=\"a191670\" data-element_type=\"widget\" data-widget_type=\"image-box.default\">\n\t\t\t\t<div class=\"elementor-widget-container\">\n\t\t\t<div class=\"elementor-image-box-wrapper\"><figure class=\"elementor-image-box-img\"><a href=\"http:\/\/www.jbt.hu\/wordpress\/foliahegesztok\/folyamatos-foliahegeszto-keszulekek-polietilen-foliakhoz\/\"><img decoding=\"async\" width=\"375\" height=\"300\" src=\"http:\/\/www.jbt.hu\/wordpress\/foliahegesztok\/wp-content\/uploads\/sites\/10\/2019\/08\/folypolifol11.jpg\" class=\"attachment-full size-full\" alt=\"\" loading=\"lazy\" \/><\/a><\/figure><div class=\"elementor-image-box-content\"><h4 class=\"elementor-image-box-title\"><a href=\"http:\/\/www.jbt.hu\/wordpress\/foliahegesztok\/folyamatos-foliahegeszto-keszulekek-polietilen-foliakhoz\/\">Folyamatos f\u00f3liahegeszt\u0151 k\u00e9sz\u00fcl\u00e9kek polietil\u00e9n f\u00f3li\u00e1khoz<\/a><\/h4><\/div><\/div>\t\t<\/div>\n\t\t\t\t<\/div>\n\t\t\t\t\t\t<\/div>\n\t\t\t\t\t<\/div>\n\t\t<\/div>\n\t\t\t\t\t\t\t\t<\/div>\n\t\t\t\t\t<\/div>\n\t\t<\/section>\n\t\t\t\t<section class=\"elementor-section elementor-top-section elementor-element elementor-element-b34187a elementor-section-boxed elementor-section-height-default elementor-section-height-default\" data-id=\"b34187a\" data-element_type=\"section\">\n\t\t\t\t\t\t<div class=\"elementor-container elementor-column-gap-default\">\n\t\t\t\t\t\t\t<div class=\"elementor-row\">\n\t\t\t\t\t<div class=\"elementor-column elementor-col-33 elementor-top-column elementor-element elementor-element-e425e01\" data-id=\"e425e01\" data-element_type=\"column\">\n\t\t\t<div class=\"elementor-column-wrap elementor-element-populated\">\n\t\t\t\t\t\t\t<div class=\"elementor-widget-wrap\">\n\t\t\t\t\t\t<div class=\"elementor-element elementor-element-d3aefb6 elementor-position-top elementor-vertical-align-top elementor-widget elementor-widget-image-box\" data-id=\"d3aefb6\" data-element_type=\"widget\" data-widget_type=\"image-box.default\">\n\t\t\t\t<div class=\"elementor-widget-container\">\n\t\t\t<div class=\"elementor-image-box-wrapper\"><figure class=\"elementor-image-box-img\"><a href=\"http:\/\/www.jbt.hu\/wordpress\/foliahegesztok\/elektromagneses-vertikalis-asztali-foliahegeszto-elektronikus-vezerlessel\/\"><img decoding=\"async\" width=\"422\" height=\"356\" src=\"http:\/\/www.jbt.hu\/wordpress\/foliahegesztok\/wp-content\/uploads\/sites\/10\/2019\/09\/1724_Polystar_413_2.jpg\" class=\"attachment-full size-full\" alt=\"\" loading=\"lazy\" \/><\/a><\/figure><div class=\"elementor-image-box-content\"><h4 class=\"elementor-image-box-title\"><a href=\"http:\/\/www.jbt.hu\/wordpress\/foliahegesztok\/elektromagneses-vertikalis-asztali-foliahegeszto-elektronikus-vezerlessel\/\">Elektrom\u00e1gneses vertik\u00e1lis asztali f\u00f3liahegeszt\u0151 digit\u00e1lis vez\u00e9rl\u00e9ssel<\/a><\/h4><\/div><\/div>\t\t<\/div>\n\t\t\t\t<\/div>\n\t\t\t\t\t\t<\/div>\n\t\t\t\t\t<\/div>\n\t\t<\/div>\n\t\t\t\t<div class=\"elementor-column elementor-col-33 elementor-top-column elementor-element elementor-element-465363d\" data-id=\"465363d\" data-element_type=\"column\">\n\t\t\t<div class=\"elementor-column-wrap elementor-element-populated\">\n\t\t\t\t\t\t\t<div class=\"elementor-widget-wrap\">\n\t\t\t\t\t\t<div class=\"elementor-element elementor-element-acde5b2 elementor-position-top elementor-vertical-align-top elementor-widget elementor-widget-image-box\" data-id=\"acde5b2\" data-element_type=\"widget\" data-widget_type=\"image-box.default\">\n\t\t\t\t<div class=\"elementor-widget-container\">\n\t\t\t<div class=\"elementor-image-box-wrapper\"><figure class=\"elementor-image-box-img\"><a href=\"http:\/\/www.jbt.hu\/wordpress\/foliahegesztok\/elektromagneses-horizontalis-asztali-foliahegeszto-digitalis-vezerlessel\/\"><img decoding=\"async\" width=\"2048\" height=\"1536\" src=\"http:\/\/www.jbt.hu\/wordpress\/foliahegesztok\/wp-content\/uploads\/sites\/10\/2019\/11\/613HM.jpg\" class=\"attachment-full size-full\" alt=\"\" loading=\"lazy\" \/><\/a><\/figure><div class=\"elementor-image-box-content\"><h4 class=\"elementor-image-box-title\"><a href=\"http:\/\/www.jbt.hu\/wordpress\/foliahegesztok\/elektromagneses-horizontalis-asztali-foliahegeszto-digitalis-vezerlessel\/\">Elektrom\u00e1gneses horizont\u00e1lis asztali f\u00f3liahegeszt\u0151 digit\u00e1lis vez\u00e9rl\u00e9ssel<\/a><\/h4><\/div><\/div>\t\t<\/div>\n\t\t\t\t<\/div>\n\t\t\t\t\t\t<\/div>\n\t\t\t\t\t<\/div>\n\t\t<\/div>\n\t\t\t\t<div class=\"elementor-column elementor-col-33 elementor-top-column elementor-element elementor-element-e97ecff\" data-id=\"e97ecff\" data-element_type=\"column\">\n\t\t\t<div class=\"elementor-column-wrap elementor-element-populated\">\n\t\t\t\t\t\t\t<div class=\"elementor-widget-wrap\">\n\t\t\t\t\t\t<div class=\"elementor-element elementor-element-d4f7f0d elementor-position-top elementor-vertical-align-top elementor-widget elementor-widget-image-box\" data-id=\"d4f7f0d\" data-element_type=\"widget\" data-widget_type=\"image-box.default\">\n\t\t\t\t<div class=\"elementor-widget-container\">\n\t\t\t<div class=\"elementor-image-box-wrapper\"><figure class=\"elementor-image-box-img\"><a href=\"http:\/\/www.jbt.hu\/wordpress\/foliahegesztok\/folyamatos-nagymeretu-polietilen-tasakokhoz-es-zsakokhoz\/\"><img decoding=\"async\" width=\"345\" height=\"361\" src=\"http:\/\/www.jbt.hu\/wordpress\/foliahegesztok\/wp-content\/uploads\/sites\/10\/2019\/08\/nagyfolypolifol.jpg\" class=\"attachment-full size-full\" alt=\"\" loading=\"lazy\" \/><\/a><\/figure><div class=\"elementor-image-box-content\"><h4 class=\"elementor-image-box-title\"><a href=\"http:\/\/www.jbt.hu\/wordpress\/foliahegesztok\/folyamatos-nagymeretu-polietilen-tasakokhoz-es-zsakokhoz\/\">Folyamatos f\u00f3liahegeszt\u0151, nagym\u00e9ret\u0171 polietil\u00e9n tasakokhoz \u00e9s zs\u00e1kokhoz<\/a><\/h4><\/div><\/div>\t\t<\/div>\n\t\t\t\t<\/div>\n\t\t\t\t\t\t<\/div>\n\t\t\t\t\t<\/div>\n\t\t<\/div>\n\t\t\t\t\t\t\t\t<\/div>\n\t\t\t\t\t<\/div>\n\t\t<\/section>\n\t\t\t\t<section class=\"elementor-section elementor-top-section elementor-element elementor-element-ea78414 elementor-section-boxed elementor-section-height-default elementor-section-height-default\" data-id=\"ea78414\" data-element_type=\"section\">\n\t\t\t\t\t\t<div class=\"elementor-container elementor-column-gap-default\">\n\t\t\t\t\t\t\t<div class=\"elementor-row\">\n\t\t\t\t\t<div class=\"elementor-column elementor-col-33 elementor-top-column elementor-element elementor-element-5ee09c8\" data-id=\"5ee09c8\" data-element_type=\"column\">\n\t\t\t<div class=\"elementor-column-wrap elementor-element-populated\">\n\t\t\t\t\t\t\t<div class=\"elementor-widget-wrap\">\n\t\t\t\t\t\t<div class=\"elementor-element elementor-element-2e19a24 elementor-position-top elementor-vertical-align-top elementor-widget elementor-widget-image-box\" data-id=\"2e19a24\" data-element_type=\"widget\" data-widget_type=\"image-box.default\">\n\t\t\t\t<div class=\"elementor-widget-container\">\n\t\t\t<div class=\"elementor-image-box-wrapper\"><figure class=\"elementor-image-box-img\"><a href=\"http:\/\/www.jbt.hu\/wordpress\/foliahegesztok\/folyamatos-foliahegeszto-keszulekek-kombinalt-foliakhoz\/\"><img decoding=\"async\" width=\"400\" height=\"396\" src=\"http:\/\/www.jbt.hu\/wordpress\/foliahegesztok\/wp-content\/uploads\/sites\/10\/2019\/08\/folykombfol2.jpg\" class=\"attachment-full size-full\" alt=\"\" loading=\"lazy\" \/><\/a><\/figure><div class=\"elementor-image-box-content\"><h4 class=\"elementor-image-box-title\"><a href=\"http:\/\/www.jbt.hu\/wordpress\/foliahegesztok\/folyamatos-foliahegeszto-keszulekek-kombinalt-foliakhoz\/\">Folyamatos f\u00f3liahegeszt\u0151k k\u00e9sz\u00fcl\u00e9kek kombin\u00e1lt f\u00f3li\u00e1khoz<\/a><\/h4><\/div><\/div>\t\t<\/div>\n\t\t\t\t<\/div>\n\t\t\t\t\t\t<\/div>\n\t\t\t\t\t<\/div>\n\t\t<\/div>\n\t\t\t\t<div class=\"elementor-column elementor-col-33 elementor-top-column elementor-element elementor-element-7fb0125\" data-id=\"7fb0125\" data-element_type=\"column\">\n\t\t\t<div class=\"elementor-column-wrap elementor-element-populated\">\n\t\t\t\t\t\t\t<div class=\"elementor-widget-wrap\">\n\t\t\t\t\t\t<div class=\"elementor-element elementor-element-e2e8a65 elementor-position-top elementor-vertical-align-top elementor-widget elementor-widget-image-box\" data-id=\"e2e8a65\" data-element_type=\"widget\" data-widget_type=\"image-box.default\">\n\t\t\t\t<div class=\"elementor-widget-container\">\n\t\t\t<div class=\"elementor-image-box-wrapper\"><figure class=\"elementor-image-box-img\"><a href=\"http:\/\/www.jbt.hu\/wordpress\/foliahegesztok\/validalhato-usb-s-pc-kompatibilis-univerzalisan-felhasznalhato-asztali-foliahegeszto\/\"><img decoding=\"async\" width=\"300\" height=\"249\" src=\"http:\/\/www.jbt.hu\/wordpress\/foliahegesztok\/wp-content\/uploads\/sites\/10\/2019\/08\/ujdonsag2-1.jpg\" class=\"attachment-full size-full\" alt=\"\" loading=\"lazy\" \/><\/a><\/figure><div class=\"elementor-image-box-content\"><h4 class=\"elementor-image-box-title\"><a href=\"http:\/\/www.jbt.hu\/wordpress\/foliahegesztok\/validalhato-usb-s-pc-kompatibilis-univerzalisan-felhasznalhato-asztali-foliahegeszto\/\">Valid\u00e1lhat\u00f3, USB-s PC kompatibilis univerz\u00e1lisan felhaszn\u00e1lhat\u00f3 asztali f\u00f3liahegeszt\u0151<\/a><\/h4><\/div><\/div>\t\t<\/div>\n\t\t\t\t<\/div>\n\t\t\t\t\t\t<\/div>\n\t\t\t\t\t<\/div>\n\t\t<\/div>\n\t\t\t\t<div class=\"elementor-column elementor-col-33 elementor-top-column elementor-element elementor-element-3466602\" data-id=\"3466602\" data-element_type=\"column\">\n\t\t\t<div class=\"elementor-column-wrap elementor-element-populated\">\n\t\t\t\t\t\t\t<div class=\"elementor-widget-wrap\">\n\t\t\t\t\t\t<div class=\"elementor-element elementor-element-6fbc172 elementor-position-top elementor-vertical-align-top elementor-widget elementor-widget-image-box\" data-id=\"6fbc172\" data-element_type=\"widget\" data-widget_type=\"image-box.default\">\n\t\t\t\t<div class=\"elementor-widget-container\">\n\t\t\t<div class=\"elementor-image-box-wrapper\"><figure class=\"elementor-image-box-img\"><a href=\"http:\/\/www.jbt.hu\/wordpress\/foliahegesztok\/komplett-mero-tolto-lezaro-termelo-vonal\/\"><img decoding=\"async\" width=\"300\" height=\"279\" src=\"http:\/\/www.jbt.hu\/wordpress\/foliahegesztok\/wp-content\/uploads\/sites\/10\/2019\/08\/komplett_mero_tolto_lezaro_termelo_vonal.jpg\" class=\"attachment-full size-full\" alt=\"\" loading=\"lazy\" \/><\/a><\/figure><div class=\"elementor-image-box-content\"><h4 class=\"elementor-image-box-title\"><a href=\"http:\/\/www.jbt.hu\/wordpress\/foliahegesztok\/komplett-mero-tolto-lezaro-termelo-vonal\/\">Komplett m\u00e9r\u0151-t\u00f6lt\u0151-lez\u00e1r\u00f3 termel\u0151 vonal<\/a><\/h4><\/div><\/div>\t\t<\/div>\n\t\t\t\t<\/div>\n\t\t\t\t\t\t<\/div>\n\t\t\t\t\t<\/div>\n\t\t<\/div>\n\t\t\t\t\t\t\t\t<\/div>\n\t\t\t\t\t<\/div>\n\t\t<\/section>\n\t\t\t\t\t\t\t\t\t<\/div>\n\t\t\t<\/div>\n\t\t\t\t\t<\/div>\n\t\t","protected":false},"excerpt":{"rendered":"<p>H\u0151impulzusos f\u00f3liahegeszt\u0151k Asztali k\u00e9zi m\u0171k\u00f6dtet\u00e9s\u0171 f\u00f3liahegeszt\u0151k Vertik\u00e1lis elektrom\u00e1gneses asztali f\u00f3lia hegeszt\u0151k Horizont\u00e1lis elektrom\u00e1gneses asztali f\u00f3liahegeszt\u0151k T\u00f6bbr\u00e9teg\u0171 f\u00f3lia hegeszt\u0151 Folyamatos f\u00f3liahegeszt\u0151 k\u00e9sz\u00fcl\u00e9kek polietil\u00e9n f\u00f3li\u00e1khoz Elektrom\u00e1gneses vertik\u00e1lis asztali f\u00f3liahegeszt\u0151 digit\u00e1lis vez\u00e9rl\u00e9ssel Elektrom\u00e1gneses horizont\u00e1lis asztali f\u00f3liahegeszt\u0151 digit\u00e1lis vez\u00e9rl\u00e9ssel Folyamatos f\u00f3liahegeszt\u0151, nagym\u00e9ret\u0171 polietil\u00e9n tasakokhoz \u00e9s zs\u00e1kokhoz Folyamatos f\u00f3liahegeszt\u0151k k\u00e9sz\u00fcl\u00e9kek kombin\u00e1lt f\u00f3li\u00e1khoz Valid\u00e1lhat\u00f3, USB-s PC&#8230;<\/p>\n<p> <a class=\"continue-reading-link\" href=\"http:\/\/www.jbt.hu\/wordpress\/foliahegesztok\/ipari-csomagolas\/\"><span>Tov\u00e1bb<\/span><i class=\"crycon-right-dir\"><\/i><\/a> <\/p>\n","protected":false},"author":1,"featured_media":0,"parent":0,"menu_order":0,"comment_status":"closed","ping_status":"closed","template":"","meta":[],"aioseo_notices":[],"_links":{"self":[{"href":"http:\/\/www.jbt.hu\/wordpress\/foliahegesztok\/wp-json\/wp\/v2\/pages\/7"}],"collection":[{"href":"http:\/\/www.jbt.hu\/wordpress\/foliahegesztok\/wp-json\/wp\/v2\/pages"}],"about":[{"href":"http:\/\/www.jbt.hu\/wordpress\/foliahegesztok\/wp-json\/wp\/v2\/types\/page"}],"author":[{"embeddable":true,"href":"http:\/\/www.jbt.hu\/wordpress\/foliahegesztok\/wp-json\/wp\/v2\/users\/1"}],"replies":[{"embeddable":true,"href":"http:\/\/www.jbt.hu\/wordpress\/foliahegesztok\/wp-json\/wp\/v2\/comments?post=7"}],"version-history":[{"count":35,"href":"http:\/\/www.jbt.hu\/wordpress\/foliahegesztok\/wp-json\/wp\/v2\/pages\/7\/revisions"}],"predecessor-version":[{"id":1059,"href":"http:\/\/www.jbt.hu\/wordpress\/foliahegesztok\/wp-json\/wp\/v2\/pages\/7\/revisions\/1059"}],"wp:attachment":[{"href":"http:\/\/www.jbt.hu\/wordpress\/foliahegesztok\/wp-json\/wp\/v2\/media?parent=7"}],"curies":[{"name":"wp","href":"https:\/\/api.w.org\/{rel}","templated":true}]}}