{"id":358,"date":"2019-08-15T12:29:29","date_gmt":"2019-08-15T12:29:29","guid":{"rendered":"http:\/\/www.jbt.hu\/wordpress\/foliahegesztok\/?page_id=358"},"modified":"2019-08-15T17:43:08","modified_gmt":"2019-08-15T17:43:08","slug":"2-d-termekcsomagolasok-foliahegesztoje","status":"publish","type":"page","link":"http:\/\/www.jbt.hu\/wordpress\/foliahegesztok\/2-d-termekcsomagolasok-foliahegesztoje\/","title":{"rendered":"2-D term\u00e9kcsomagol\u00e1sok f\u00f3liahegeszt\u0151je"},"content":{"rendered":"\t\t<div data-elementor-type=\"wp-post\" data-elementor-id=\"358\" class=\"elementor elementor-358\">\n\t\t\t\t\t\t<div class=\"elementor-inner\">\n\t\t\t\t<div class=\"elementor-section-wrap\">\n\t\t\t\t\t\t\t\t\t<section class=\"elementor-section elementor-top-section elementor-element elementor-element-ca89130 elementor-section-boxed elementor-section-height-default elementor-section-height-default\" data-id=\"ca89130\" data-element_type=\"section\">\n\t\t\t\t\t\t<div class=\"elementor-container elementor-column-gap-default\">\n\t\t\t\t\t\t\t<div class=\"elementor-row\">\n\t\t\t\t\t<div class=\"elementor-column elementor-col-50 elementor-top-column elementor-element elementor-element-cdb6977\" data-id=\"cdb6977\" data-element_type=\"column\">\n\t\t\t<div class=\"elementor-column-wrap elementor-element-populated\">\n\t\t\t\t\t\t\t<div class=\"elementor-widget-wrap\">\n\t\t\t\t\t\t<div class=\"elementor-element elementor-element-291e681 elementor-widget elementor-widget-image\" data-id=\"291e681\" data-element_type=\"widget\" data-widget_type=\"image.default\">\n\t\t\t\t<div class=\"elementor-widget-container\">\n\t\t\t\t\t\t\t\t<div class=\"elementor-image\">\n\t\t\t\t\t\t\t\t\t\t\t\t\t<a href=\"http:\/\/www.jbt.hu\/wordpress\/foliahegesztok\/wp-content\/uploads\/sites\/10\/2019\/08\/ketdimenzios.jpg\" data-elementor-open-lightbox=\"yes\" data-elementor-lightbox-title=\"ketdimenzios\" e-action-hash=\"#elementor-action%3Aaction%3Dlightbox%26settings%3DeyJpZCI6NDE1LCJ1cmwiOiJodHRwOlwvXC93d3cuamJ0Lmh1XC93b3JkcHJlc3NcL2ZvbGlhaGVnZXN6dG9rXC93cC1jb250ZW50XC91cGxvYWRzXC9zaXRlc1wvMTBcLzIwMTlcLzA4XC9rZXRkaW1lbnppb3MuanBnIn0%3D\">\n\t\t\t\t\t\t\t<img decoding=\"async\" width=\"300\" height=\"276\" src=\"http:\/\/www.jbt.hu\/wordpress\/foliahegesztok\/wp-content\/uploads\/sites\/10\/2019\/08\/ketdimenzios.jpg\" class=\"attachment-large size-large\" alt=\"\" loading=\"lazy\" srcset=\"http:\/\/www.jbt.hu\/wordpress\/foliahegesztok\/wp-content\/uploads\/sites\/10\/2019\/08\/ketdimenzios.jpg 300w, http:\/\/www.jbt.hu\/wordpress\/foliahegesztok\/wp-content\/uploads\/sites\/10\/2019\/08\/ketdimenzios-150x138.jpg 150w\" sizes=\"(max-width: 300px) 100vw, 300px\" \/>\t\t\t\t\t\t\t\t<\/a>\n\t\t\t\t\t\t\t\t\t\t\t\t\t\t<\/div>\n\t\t\t\t\t\t<\/div>\n\t\t\t\t<\/div>\n\t\t\t\t<div class=\"elementor-element elementor-element-4d85fc0 elementor-widget elementor-widget-image\" data-id=\"4d85fc0\" data-element_type=\"widget\" data-widget_type=\"image.default\">\n\t\t\t\t<div class=\"elementor-widget-container\">\n\t\t\t\t\t\t\t\t<div class=\"elementor-image\">\n\t\t\t\t\t\t\t\t\t<figure class=\"wp-caption\">\n\t\t\t\t\t\t\t\t\t\t\t<a href=\"http:\/\/www.jbt.hu\/wordpress\/foliahegesztok\/wp-content\/uploads\/sites\/10\/2019\/08\/ketdimenzios2.jpg\" data-elementor-open-lightbox=\"yes\" data-elementor-lightbox-title=\"ketdimenzios2\" e-action-hash=\"#elementor-action%3Aaction%3Dlightbox%26settings%3DeyJpZCI6NDE4LCJ1cmwiOiJodHRwOlwvXC93d3cuamJ0Lmh1XC93b3JkcHJlc3NcL2ZvbGlhaGVnZXN6dG9rXC93cC1jb250ZW50XC91cGxvYWRzXC9zaXRlc1wvMTBcLzIwMTlcLzA4XC9rZXRkaW1lbnppb3MyLWUxNTY1ODg4OTY0MzI1LmpwZyJ9\">\n\t\t\t\t\t\t\t<img decoding=\"async\" width=\"150\" height=\"93\" src=\"http:\/\/www.jbt.hu\/wordpress\/foliahegesztok\/wp-content\/uploads\/sites\/10\/2019\/08\/ketdimenzios2-e1565888964325.jpg\" class=\"attachment-medium size-medium\" alt=\"\" loading=\"lazy\" \/>\t\t\t\t\t\t\t\t<\/a>\n\t\t\t\t\t\t\t\t\t\t\t<figcaption class=\"widget-image-caption wp-caption-text\">Majdnem minden lehets\u00e9ges ezekkel a hegeszt\u0151pr\u00e9sekkel. <br>Itt p\u00e1r p\u00e9lda.<\/figcaption>\n\t\t\t\t\t\t\t\t\t\t<\/figure>\n\t\t\t\t\t\t\t\t<\/div>\n\t\t\t\t\t\t<\/div>\n\t\t\t\t<\/div>\n\t\t\t\t\t\t<\/div>\n\t\t\t\t\t<\/div>\n\t\t<\/div>\n\t\t\t\t<div class=\"elementor-column elementor-col-50 elementor-top-column elementor-element elementor-element-852408e\" data-id=\"852408e\" data-element_type=\"column\">\n\t\t\t<div class=\"elementor-column-wrap elementor-element-populated\">\n\t\t\t\t\t\t\t<div class=\"elementor-widget-wrap\">\n\t\t\t\t\t\t<div class=\"elementor-element elementor-element-ed38a54 elementor-widget elementor-widget-text-editor\" data-id=\"ed38a54\" data-element_type=\"widget\" data-widget_type=\"text-editor.default\">\n\t\t\t\t<div class=\"elementor-widget-container\">\n\t\t\t\t\t\t\t\t<div class=\"elementor-text-editor elementor-clearfix\">\n\t\t\t\tEzekkel a hegeszt\u0151pr\u00e9sekkel szinte valamennyi elk\u00e9pzelhet\u0151 k\u00e9tdimenzi\u00f3s kont\u00far\u00fa term\u00e9ket lehegeszthet. Az \u00d6n egyedi ig\u00e9ny\u00e9nek \u00e9s felhaszn\u00e1l\u00e1si c\u00e9lj\u00e1hoz alkalmas hegeszt\u0151szersz\u00e1mot is elk\u00e9sz\u00edtj\u00fck.\n\nA hegeszt\u0151pr\u00e9s pneumatikus hengere gondoskodik a megfelel\u0151 hegeszt\u00e9si nyom\u00e1sr\u00f3l \u00e9s ak\u00e1r vastag anyagok is probl\u00e9ma mentesen lehegeszthet\u0151k.\n\nA hegeszt\u0151pr\u00e9shez term\u00e9szetesen az impulzusad\u00f3ra is sz\u00fcks\u00e9g van. A hegeszt\u00e9si \u00e9s h\u00fcl\u00e9si id\u0151ket azon lehet be\u00e1ll\u00edtani.\n\nHa az adott felhaszn\u00e1l\u00e1si c\u00e9lhoz sz\u00fcks\u00e9ges akkor a hegeszt\u0151pr\u00e9s h\u0151m\u00e9rs\u00e9klet szab\u00e1lyoz\u00f3val is sz\u00e1ll\u00edthat\u00f3.\n\n<h5>Felhaszn\u00e1l\u00e1si p\u00e9ld\u00e1k:<\/h5>\n<ul>\n<li>m\u0171anyag t\u00e1lc\u00e1k, tokok lehegeszt\u00e9se<\/li>\n<li>g\u00e9l t\u00f6lt\u00e9s\u0171 h\u0171t\u0151p\u00e1rn\u00e1k lehegeszt\u00e9se<\/li>\n<li>bliszter csomagol\u00e1sok<\/li>\n<li>m\u0171szaki anyagok, pl. szelepek lehegeszt\u00e9se.<\/li>\n<\/ul>\t\t\t\t\t<\/div>\n\t\t\t\t\t\t<\/div>\n\t\t\t\t<\/div>\n\t\t\t\t\t\t<\/div>\n\t\t\t\t\t<\/div>\n\t\t<\/div>\n\t\t\t\t\t\t\t\t<\/div>\n\t\t\t\t\t<\/div>\n\t\t<\/section>\n\t\t\t\t<section class=\"elementor-section elementor-top-section elementor-element elementor-element-3a1e0cb elementor-section-boxed elementor-section-height-default elementor-section-height-default\" data-id=\"3a1e0cb\" data-element_type=\"section\">\n\t\t\t\t\t\t<div class=\"elementor-container elementor-column-gap-default\">\n\t\t\t\t\t\t\t<div class=\"elementor-row\">\n\t\t\t\t\t<div class=\"elementor-column elementor-col-50 elementor-top-column elementor-element elementor-element-d1ba845\" data-id=\"d1ba845\" data-element_type=\"column\">\n\t\t\t<div class=\"elementor-column-wrap elementor-element-populated\">\n\t\t\t\t\t\t\t<div class=\"elementor-widget-wrap\">\n\t\t\t\t\t\t<div class=\"elementor-element elementor-element-77651ff elementor-widget elementor-widget-text-editor\" data-id=\"77651ff\" data-element_type=\"widget\" data-widget_type=\"text-editor.default\">\n\t\t\t\t<div class=\"elementor-widget-container\">\n\t\t\t\t\t\t\t\t<div class=\"elementor-text-editor elementor-clearfix\">\n\t\t\t\t<h5>A k\u00e9sz\u00fcl\u00e9k el\u0151ny\u00f6s tulajdons\u00e1gai:<\/h5>\n<ul>\n<li>szinte valamennyi k\u00e9tdimenzi\u00f3s kont\u00farhoz alkalmazhat\u00f3<\/li>\n<li>a hegeszt\u00e9si param\u00e9terek fokozatmentesen be\u00e1ll\u00edthat\u00f3k<\/li>\n<li>sokf\u00e9le f\u00f3liafajt\u00e1hoz haszn\u00e1lhat\u00f3<\/li>\n<li>hegeszt\u00e9s \u00e9s ezt k\u00f6vet\u0151 lev\u00e1laszt\u00e1s lehets\u00e9ges<\/li>\n<li>magas pr\u00e9sel\u0151 nyom\u00e1s<\/li>\n<li>valamennyi hegeszt\u0151 szersz\u00e1mot egyedileg, az \u00fcgyf\u00e9l k\u00edv\u00e1ns\u00e1ga szerint k\u00e9sz\u00edt\u00fcnk, ugyan\u00edgy m\u00e9retezz\u00fck az impulzusad\u00f3kat is<\/li>\n<\/ul>\t\t\t\t\t<\/div>\n\t\t\t\t\t\t<\/div>\n\t\t\t\t<\/div>\n\t\t\t\t\t\t<\/div>\n\t\t\t\t\t<\/div>\n\t\t<\/div>\n\t\t\t\t<div class=\"elementor-column elementor-col-25 elementor-top-column elementor-element elementor-element-b158407\" data-id=\"b158407\" data-element_type=\"column\">\n\t\t\t<div class=\"elementor-column-wrap elementor-element-populated\">\n\t\t\t\t\t\t\t<div class=\"elementor-widget-wrap\">\n\t\t\t\t\t\t<div class=\"elementor-element elementor-element-1769f21 elementor-widget elementor-widget-image\" data-id=\"1769f21\" data-element_type=\"widget\" data-widget_type=\"image.default\">\n\t\t\t\t<div class=\"elementor-widget-container\">\n\t\t\t\t\t\t\t\t<div class=\"elementor-image\">\n\t\t\t\t\t\t\t\t\t\t\t\t<img decoding=\"async\" width=\"158\" height=\"200\" src=\"http:\/\/www.jbt.hu\/wordpress\/foliahegesztok\/wp-content\/uploads\/sites\/10\/2019\/08\/ketdimenzios3.jpg\" class=\"attachment-large size-large\" alt=\"\" loading=\"lazy\" srcset=\"http:\/\/www.jbt.hu\/wordpress\/foliahegesztok\/wp-content\/uploads\/sites\/10\/2019\/08\/ketdimenzios3.jpg 158w, http:\/\/www.jbt.hu\/wordpress\/foliahegesztok\/wp-content\/uploads\/sites\/10\/2019\/08\/ketdimenzios3-119x150.jpg 119w\" sizes=\"(max-width: 158px) 100vw, 158px\" \/>\t\t\t\t\t\t\t\t\t\t\t\t\t\t<\/div>\n\t\t\t\t\t\t<\/div>\n\t\t\t\t<\/div>\n\t\t\t\t\t\t<\/div>\n\t\t\t\t\t<\/div>\n\t\t<\/div>\n\t\t\t\t<div class=\"elementor-column elementor-col-25 elementor-top-column elementor-element elementor-element-bec91fc\" data-id=\"bec91fc\" data-element_type=\"column\">\n\t\t\t<div class=\"elementor-column-wrap elementor-element-populated\">\n\t\t\t\t\t\t\t<div class=\"elementor-widget-wrap\">\n\t\t\t\t\t\t<div class=\"elementor-element elementor-element-8594a28 elementor-widget elementor-widget-image\" data-id=\"8594a28\" data-element_type=\"widget\" data-widget_type=\"image.default\">\n\t\t\t\t<div class=\"elementor-widget-container\">\n\t\t\t\t\t\t\t\t<div class=\"elementor-image\">\n\t\t\t\t\t\t\t\t\t\t\t\t<img decoding=\"async\" width=\"155\" height=\"200\" src=\"http:\/\/www.jbt.hu\/wordpress\/foliahegesztok\/wp-content\/uploads\/sites\/10\/2019\/08\/ketdimenzios4.jpg\" class=\"attachment-large size-large\" alt=\"\" loading=\"lazy\" srcset=\"http:\/\/www.jbt.hu\/wordpress\/foliahegesztok\/wp-content\/uploads\/sites\/10\/2019\/08\/ketdimenzios4.jpg 155w, http:\/\/www.jbt.hu\/wordpress\/foliahegesztok\/wp-content\/uploads\/sites\/10\/2019\/08\/ketdimenzios4-116x150.jpg 116w\" sizes=\"(max-width: 155px) 100vw, 155px\" \/>\t\t\t\t\t\t\t\t\t\t\t\t\t\t<\/div>\n\t\t\t\t\t\t<\/div>\n\t\t\t\t<\/div>\n\t\t\t\t\t\t<\/div>\n\t\t\t\t\t<\/div>\n\t\t<\/div>\n\t\t\t\t\t\t\t\t<\/div>\n\t\t\t\t\t<\/div>\n\t\t<\/section>\n\t\t\t\t<section class=\"elementor-section elementor-top-section elementor-element elementor-element-588930b elementor-section-boxed elementor-section-height-default elementor-section-height-default\" data-id=\"588930b\" data-element_type=\"section\">\n\t\t\t\t\t\t<div class=\"elementor-container elementor-column-gap-default\">\n\t\t\t\t\t\t\t<div class=\"elementor-row\">\n\t\t\t\t\t<div class=\"elementor-column elementor-col-50 elementor-top-column elementor-element elementor-element-8a5516d\" data-id=\"8a5516d\" data-element_type=\"column\">\n\t\t\t<div class=\"elementor-column-wrap elementor-element-populated\">\n\t\t\t\t\t\t\t<div class=\"elementor-widget-wrap\">\n\t\t\t\t\t\t<div class=\"elementor-element elementor-element-18b4229 elementor-widget elementor-widget-image\" data-id=\"18b4229\" data-element_type=\"widget\" data-widget_type=\"image.default\">\n\t\t\t\t<div class=\"elementor-widget-container\">\n\t\t\t\t\t\t\t\t<div class=\"elementor-image\">\n\t\t\t\t\t\t\t\t\t\t\t\t<img decoding=\"async\" width=\"239\" height=\"200\" src=\"http:\/\/www.jbt.hu\/wordpress\/foliahegesztok\/wp-content\/uploads\/sites\/10\/2019\/08\/ketdimenzios5.jpg\" class=\"attachment-large size-large\" alt=\"\" loading=\"lazy\" srcset=\"http:\/\/www.jbt.hu\/wordpress\/foliahegesztok\/wp-content\/uploads\/sites\/10\/2019\/08\/ketdimenzios5.jpg 239w, http:\/\/www.jbt.hu\/wordpress\/foliahegesztok\/wp-content\/uploads\/sites\/10\/2019\/08\/ketdimenzios5-150x126.jpg 150w\" sizes=\"(max-width: 239px) 100vw, 239px\" \/>\t\t\t\t\t\t\t\t\t\t\t\t\t\t<\/div>\n\t\t\t\t\t\t<\/div>\n\t\t\t\t<\/div>\n\t\t\t\t\t\t<\/div>\n\t\t\t\t\t<\/div>\n\t\t<\/div>\n\t\t\t\t<div class=\"elementor-column elementor-col-50 elementor-top-column elementor-element elementor-element-8cf43d2\" data-id=\"8cf43d2\" data-element_type=\"column\">\n\t\t\t<div class=\"elementor-column-wrap elementor-element-populated\">\n\t\t\t\t\t\t\t<div class=\"elementor-widget-wrap\">\n\t\t\t\t\t\t<div class=\"elementor-element elementor-element-d578833 elementor-widget elementor-widget-text-editor\" data-id=\"d578833\" data-element_type=\"widget\" data-widget_type=\"text-editor.default\">\n\t\t\t\t<div class=\"elementor-widget-container\">\n\t\t\t\t\t\t\t\t<div class=\"elementor-text-editor elementor-clearfix\">\n\t\t\t\t<h5>Tartoz\u00e9kk\u00e9nt rendelhet\u0151:<\/h5><p>Miut\u00e1n a termel\u00e9si folyamat adatoknak egyre nagyobb jelent\u0151s\u00e9ge van, aj\u00e1nlunk a hegeszt\u0151 pr\u00e9sekhez Resistron h\u0151m\u00e9rs\u00e9klegszab\u00e1lyz\u00f3t PC port csatlakoz\u00e1ssal is. \u00cdgy a sz\u00e1m\u00edt\u00f3g\u00e9p\u00e9vel k\u00e9sz\u00fcl\u00e9k kapcsolatot hozhat l\u00e9tre, melyhez m\u00e9g megfelel\u0151 szoftver \u00e9s kommunik\u00e1ci\u00f3s interface is sz\u00fcks\u00e9ges.<\/p>\t\t\t\t\t<\/div>\n\t\t\t\t\t\t<\/div>\n\t\t\t\t<\/div>\n\t\t\t\t\t\t<\/div>\n\t\t\t\t\t<\/div>\n\t\t<\/div>\n\t\t\t\t\t\t\t\t<\/div>\n\t\t\t\t\t<\/div>\n\t\t<\/section>\n\t\t\t\t<section class=\"elementor-section elementor-top-section elementor-element elementor-element-eadf61f elementor-section-boxed elementor-section-height-default elementor-section-height-default\" data-id=\"eadf61f\" data-element_type=\"section\">\n\t\t\t\t\t\t<div class=\"elementor-container elementor-column-gap-default\">\n\t\t\t\t\t\t\t<div class=\"elementor-row\">\n\t\t\t\t\t<div class=\"elementor-column elementor-col-100 elementor-top-column elementor-element elementor-element-27a2a91\" data-id=\"27a2a91\" data-element_type=\"column\">\n\t\t\t<div class=\"elementor-column-wrap elementor-element-populated\">\n\t\t\t\t\t\t\t<div class=\"elementor-widget-wrap\">\n\t\t\t\t\t\t<div class=\"elementor-element elementor-element-bd5322e elementor-widget elementor-widget-heading\" data-id=\"bd5322e\" data-element_type=\"widget\" data-widget_type=\"heading.default\">\n\t\t\t\t<div class=\"elementor-widget-container\">\n\t\t\t<h4 class=\"elementor-heading-title elementor-size-default\">M\u0171szaki adatok<\/h4>\t\t<\/div>\n\t\t\t\t<\/div>\n\t\t\t\t\t\t<\/div>\n\t\t\t\t\t<\/div>\n\t\t<\/div>\n\t\t\t\t\t\t\t\t<\/div>\n\t\t\t\t\t<\/div>\n\t\t<\/section>\n\t\t\t\t<section class=\"elementor-section elementor-top-section elementor-element elementor-element-419e9f7 elementor-section-boxed elementor-section-height-default elementor-section-height-default\" data-id=\"419e9f7\" data-element_type=\"section\">\n\t\t\t\t\t\t<div class=\"elementor-container elementor-column-gap-default\">\n\t\t\t\t\t\t\t<div class=\"elementor-row\">\n\t\t\t\t\t<div class=\"elementor-column elementor-col-100 elementor-top-column elementor-element elementor-element-faad99e\" data-id=\"faad99e\" data-element_type=\"column\">\n\t\t\t<div class=\"elementor-column-wrap elementor-element-populated\">\n\t\t\t\t\t\t\t<div class=\"elementor-widget-wrap\">\n\t\t\t\t\t\t<div class=\"elementor-element elementor-element-f0e8f49 elementor-widget elementor-widget-shortcode\" data-id=\"f0e8f49\" data-element_type=\"widget\" data-widget_type=\"shortcode.default\">\n\t\t\t\t<div class=\"elementor-widget-container\">\n\t\t\t\t\t<div class=\"elementor-shortcode\">\n<table id=\"tablepress-15\" class=\"tablepress tablepress-id-15\">\n<thead>\n<tr class=\"row-1 odd\">\n\t<th class=\"column-1\">Standard modellek<\/th><th class=\"column-2\">80 mm<\/th><th class=\"column-3\">100 mm<\/th>\n<\/tr>\n<\/thead>\n<tbody class=\"row-hover\">\n<tr class=\"row-2 even\">\n\t<td class=\"column-1\">Rendel\u00e9si sz\u00e1m<\/td><td class=\"column-2\">2015321<\/td><td class=\"column-3\">206376<\/td>\n<\/tr>\n<tr class=\"row-3 odd\">\n\t<td class=\"column-1\">Pneumatika henger l\u00f6ket<\/td><td class=\"column-2\">100 mm<\/td><td class=\"column-3\">100 mm<\/td>\n<\/tr>\n<tr class=\"row-4 even\">\n\t<td class=\"column-1\">Kiny\u00fal\u00e1s<\/td><td class=\"column-2\">225 mm<\/td><td class=\"column-3\">225 mm<\/td>\n<\/tr>\n<tr class=\"row-5 odd\">\n\t<td class=\"column-1\">Munka dugatty\u00fa \u00e1tm\u00e9r\u0151<\/td><td class=\"column-2\">80 mm<\/td><td class=\"column-3\">100 mm<\/td>\n<\/tr>\n<tr class=\"row-6 even\">\n\t<td class=\"column-1\">Pr\u00e9sel\u0151 er\u0151<\/td><td class=\"column-2\">3000 N<\/td><td class=\"column-3\">4700 N<\/td>\n<\/tr>\n<tr class=\"row-7 odd\">\n\t<td class=\"column-1\">Leveg\u0151 sz\u00fcks\u00e9glet 6 bar-n\u00e1l kb.<\/td><td class=\"column-2\">5,3 l\/Hub<\/td><td class=\"column-3\">6,6 l\/Hub<\/td>\n<\/tr>\n<tr class=\"row-8 even\">\n\t<td class=\"column-1\">M\u00e9retek<\/td><td class=\"column-2\">350 x 750 x 550 mm<\/td><td class=\"column-3\">350 x 750 x 550 mm<\/td>\n<\/tr>\n<tr class=\"row-9 odd\">\n\t<td class=\"column-1\">\u00c1ramcsatlakoz\u00e1s<\/td><td class=\"column-2\">230 V, 50 \/ 60 Hz<\/td><td class=\"column-3\">230 V, 50 \/ 60 Hz<\/td>\n<\/tr>\n<tr class=\"row-10 even\">\n\t<td class=\"column-1\">Biztos\u00edt\u00e9k<\/td><td class=\"column-2\">16 A, lomha<\/td><td class=\"column-3\">16 A, lomha<\/td>\n<\/tr>\n<tr class=\"row-11 odd\">\n\t<td class=\"column-1\">V\u00e9detts\u00e9g<\/td><td class=\"column-2\">IP 20<\/td><td class=\"column-3\">IP 20<\/td>\n<\/tr>\n<tr class=\"row-12 even\">\n\t<td class=\"column-1\">S\u00faly (impulzusad\u00f3 n\u00e9lk\u00fcl)<\/td><td class=\"column-2\">80 kg<\/td><td class=\"column-3\">80 kg<\/td>\n<\/tr>\n<tr class=\"row-13 odd\">\n\t<td class=\"column-1\">Hegeszt\u0151 szersz\u00e1m<\/td><td class=\"column-2\">egyedi sz\u00fcks\u00e9gletnek megfelel\u0151en<\/td><td class=\"column-3\">egyedi sz\u00fcks\u00e9gletnek megfelel\u0151en<\/td>\n<\/tr>\n<tr class=\"row-14 even\">\n\t<td class=\"column-1\">Impulzusad\u00f3<\/td><td class=\"column-2\">egyedi sz\u00fcks\u00e9gletnek megfelel\u0151en<\/td><td class=\"column-3\">egyedi sz\u00fcks\u00e9gletnek megfelel\u0151en<\/td>\n<\/tr>\n<\/tbody>\n<\/table>\n<!-- #tablepress-15 from cache --><\/div>\n\t\t\t\t<\/div>\n\t\t\t\t<\/div>\n\t\t\t\t\t\t<\/div>\n\t\t\t\t\t<\/div>\n\t\t<\/div>\n\t\t\t\t\t\t\t\t<\/div>\n\t\t\t\t\t<\/div>\n\t\t<\/section>\n\t\t\t\t<section class=\"elementor-section elementor-top-section elementor-element elementor-element-6c822f5 elementor-section-boxed elementor-section-height-default elementor-section-height-default\" data-id=\"6c822f5\" data-element_type=\"section\">\n\t\t\t\t\t\t<div class=\"elementor-container elementor-column-gap-default\">\n\t\t\t\t\t\t\t<div class=\"elementor-row\">\n\t\t\t\t\t<div class=\"elementor-column elementor-col-100 elementor-top-column elementor-element elementor-element-a4a997c\" data-id=\"a4a997c\" data-element_type=\"column\">\n\t\t\t<div class=\"elementor-column-wrap elementor-element-populated\">\n\t\t\t\t\t\t\t<div class=\"elementor-widget-wrap\">\n\t\t\t\t\t\t<div class=\"elementor-element elementor-element-0368f59 elementor-widget elementor-widget-text-editor\" data-id=\"0368f59\" data-element_type=\"widget\" data-widget_type=\"text-editor.default\">\n\t\t\t\t<div class=\"elementor-widget-container\">\n\t\t\t\t\t\t\t\t<div class=\"elementor-text-editor elementor-clearfix\">\n\t\t\t\t<p><b>M\u0171szaki v\u00e1ltoztat\u00e1sok jog\u00e1t fenntartjuk!<\/b><\/p>\t\t\t\t\t<\/div>\n\t\t\t\t\t\t<\/div>\n\t\t\t\t<\/div>\n\t\t\t\t\t\t<\/div>\n\t\t\t\t\t<\/div>\n\t\t<\/div>\n\t\t\t\t\t\t\t\t<\/div>\n\t\t\t\t\t<\/div>\n\t\t<\/section>\n\t\t\t\t\t\t\t\t\t<\/div>\n\t\t\t<\/div>\n\t\t\t\t\t<\/div>\n\t\t","protected":false},"excerpt":{"rendered":"<p>Majdnem minden lehets\u00e9ges ezekkel a hegeszt\u0151pr\u00e9sekkel. Itt p\u00e1r p\u00e9lda. Ezekkel a hegeszt\u0151pr\u00e9sekkel szinte valamennyi elk\u00e9pzelhet\u0151 k\u00e9tdimenzi\u00f3s kont\u00far\u00fa term\u00e9ket lehegeszthet. Az \u00d6n egyedi ig\u00e9ny\u00e9nek \u00e9s felhaszn\u00e1l\u00e1si c\u00e9lj\u00e1hoz alkalmas hegeszt\u0151szersz\u00e1mot is elk\u00e9sz\u00edtj\u00fck. A hegeszt\u0151pr\u00e9s pneumatikus hengere gondoskodik a megfelel\u0151 hegeszt\u00e9si nyom\u00e1sr\u00f3l \u00e9s ak\u00e1r vastag anyagok is probl\u00e9ma mentesen lehegeszthet\u0151k. A hegeszt\u0151pr\u00e9shez term\u00e9szetesen&#8230;<\/p>\n<p> <a class=\"continue-reading-link\" href=\"http:\/\/www.jbt.hu\/wordpress\/foliahegesztok\/2-d-termekcsomagolasok-foliahegesztoje\/\"><span>Tov\u00e1bb<\/span><i class=\"crycon-right-dir\"><\/i><\/a> <\/p>\n","protected":false},"author":1,"featured_media":0,"parent":0,"menu_order":0,"comment_status":"closed","ping_status":"closed","template":"","meta":[],"aioseo_notices":[],"_links":{"self":[{"href":"http:\/\/www.jbt.hu\/wordpress\/foliahegesztok\/wp-json\/wp\/v2\/pages\/358"}],"collection":[{"href":"http:\/\/www.jbt.hu\/wordpress\/foliahegesztok\/wp-json\/wp\/v2\/pages"}],"about":[{"href":"http:\/\/www.jbt.hu\/wordpress\/foliahegesztok\/wp-json\/wp\/v2\/types\/page"}],"author":[{"embeddable":true,"href":"http:\/\/www.jbt.hu\/wordpress\/foliahegesztok\/wp-json\/wp\/v2\/users\/1"}],"replies":[{"embeddable":true,"href":"http:\/\/www.jbt.hu\/wordpress\/foliahegesztok\/wp-json\/wp\/v2\/comments?post=358"}],"version-history":[{"count":24,"href":"http:\/\/www.jbt.hu\/wordpress\/foliahegesztok\/wp-json\/wp\/v2\/pages\/358\/revisions"}],"predecessor-version":[{"id":448,"href":"http:\/\/www.jbt.hu\/wordpress\/foliahegesztok\/wp-json\/wp\/v2\/pages\/358\/revisions\/448"}],"wp:attachment":[{"href":"http:\/\/www.jbt.hu\/wordpress\/foliahegesztok\/wp-json\/wp\/v2\/media?parent=358"}],"curies":[{"name":"wp","href":"https:\/\/api.w.org\/{rel}","templated":true}]}}