{"id":1209,"date":"2020-02-21T13:53:22","date_gmt":"2020-02-21T13:53:22","guid":{"rendered":"http:\/\/www.jbt.hu\/wordpress\/foliahegesztok\/?page_id=1209"},"modified":"2020-04-27T10:32:45","modified_gmt":"2020-04-27T10:32:45","slug":"biztonsagi-folyamatos-futesu-hegesztofogo-alu-laminalt-papir-es-kombinalt-foliak-hegesztesere","status":"publish","type":"page","link":"http:\/\/www.jbt.hu\/wordpress\/foliahegesztok\/biztonsagi-folyamatos-futesu-hegesztofogo-alu-laminalt-papir-es-kombinalt-foliak-hegesztesere\/","title":{"rendered":"Biztons\u00e1gi folyamatos f\u0171t\u00e9s\u0171 hegeszt\u0151fog\u00f3 Alu, lamin\u00e1lt, pap\u00edr \u00e9s kombin\u00e1lt f\u00f3li\u00e1k hegeszt\u00e9s\u00e9re"},"content":{"rendered":"\t\t<div data-elementor-type=\"wp-page\" data-elementor-id=\"1209\" class=\"elementor elementor-1209\">\n\t\t\t\t\t\t<div class=\"elementor-inner\">\n\t\t\t\t<div class=\"elementor-section-wrap\">\n\t\t\t\t\t\t\t\t\t<section class=\"elementor-section elementor-top-section elementor-element elementor-element-1c8d6eb elementor-section-boxed elementor-section-height-default elementor-section-height-default\" data-id=\"1c8d6eb\" data-element_type=\"section\">\n\t\t\t\t\t\t<div class=\"elementor-container elementor-column-gap-default\">\n\t\t\t\t\t\t\t<div class=\"elementor-row\">\n\t\t\t\t\t<div class=\"elementor-column elementor-col-100 elementor-top-column elementor-element elementor-element-a1b9ea9\" data-id=\"a1b9ea9\" data-element_type=\"column\">\n\t\t\t<div class=\"elementor-column-wrap elementor-element-populated\">\n\t\t\t\t\t\t\t<div class=\"elementor-widget-wrap\">\n\t\t\t\t\t\t<div class=\"elementor-element elementor-element-64a59d1 elementor-widget elementor-widget-heading\" data-id=\"64a59d1\" data-element_type=\"widget\" data-widget_type=\"heading.default\">\n\t\t\t\t<div class=\"elementor-widget-container\">\n\t\t\t<h2 class=\"elementor-heading-title elementor-size-default\">Pihek\u00f6nny\u0171 lez\u00e1r\u00e1s: biztons\u00e1gosan \u00e9s gyorsan<\/h2>\t\t<\/div>\n\t\t\t\t<\/div>\n\t\t\t\t\t\t<\/div>\n\t\t\t\t\t<\/div>\n\t\t<\/div>\n\t\t\t\t\t\t\t\t<\/div>\n\t\t\t\t\t<\/div>\n\t\t<\/section>\n\t\t\t\t<section class=\"elementor-section elementor-top-section elementor-element elementor-element-11ca6a3 elementor-section-boxed elementor-section-height-default elementor-section-height-default\" data-id=\"11ca6a3\" data-element_type=\"section\">\n\t\t\t\t\t\t<div class=\"elementor-container elementor-column-gap-default\">\n\t\t\t\t\t\t\t<div class=\"elementor-row\">\n\t\t\t\t\t<div class=\"elementor-column elementor-col-50 elementor-top-column elementor-element elementor-element-22f101d\" data-id=\"22f101d\" data-element_type=\"column\">\n\t\t\t<div class=\"elementor-column-wrap elementor-element-populated\">\n\t\t\t\t\t\t\t<div class=\"elementor-widget-wrap\">\n\t\t\t\t\t\t<div class=\"elementor-element elementor-element-c825c71 elementor-arrows-position-inside elementor-pagination-position-outside elementor-widget elementor-widget-image-carousel\" data-id=\"c825c71\" data-element_type=\"widget\" data-settings=\"{&quot;slides_to_show&quot;:&quot;1&quot;,&quot;navigation&quot;:&quot;both&quot;,&quot;autoplay&quot;:&quot;yes&quot;,&quot;pause_on_hover&quot;:&quot;yes&quot;,&quot;pause_on_interaction&quot;:&quot;yes&quot;,&quot;autoplay_speed&quot;:5000,&quot;infinite&quot;:&quot;yes&quot;,&quot;effect&quot;:&quot;slide&quot;,&quot;speed&quot;:500}\" data-widget_type=\"image-carousel.default\">\n\t\t\t\t<div class=\"elementor-widget-container\">\n\t\t\t\t\t<div class=\"elementor-image-carousel-wrapper swiper-container\" dir=\"ltr\">\n\t\t\t<div class=\"elementor-image-carousel swiper-wrapper\">\n\t\t\t\t\t\t\t\t<div class=\"swiper-slide\"><a data-elementor-open-lightbox=\"yes\" data-elementor-lightbox-slideshow=\"c825c71\" data-elementor-lightbox-title=\"400SZ_Logo4\" e-action-hash=\"#elementor-action%3Aaction%3Dlightbox%26settings%3DeyJpZCI6MTIxMiwidXJsIjoiaHR0cDpcL1wvd3d3LmpidC5odVwvd29yZHByZXNzXC9mb2xpYWhlZ2VzenRva1wvd3AtY29udGVudFwvdXBsb2Fkc1wvc2l0ZXNcLzEwXC8yMDIwXC8wMlwvNDAwU1pfTG9nbzQuanBnIiwic2xpZGVzaG93IjoiYzgyNWM3MSJ9\" href=\"http:\/\/www.jbt.hu\/wordpress\/foliahegesztok\/wp-content\/uploads\/sites\/10\/2020\/02\/400SZ_Logo4.jpg\"><figure class=\"swiper-slide-inner\"><img decoding=\"async\" class=\"swiper-slide-image\" src=\"http:\/\/www.jbt.hu\/wordpress\/foliahegesztok\/wp-content\/uploads\/sites\/10\/2020\/02\/400SZ_Logo4-768x576.jpg\" alt=\"400SZ_Logo4\" \/><\/figure><\/a><\/div><div class=\"swiper-slide\"><a data-elementor-open-lightbox=\"yes\" data-elementor-lightbox-slideshow=\"c825c71\" data-elementor-lightbox-title=\"400SZ_back_Logo3\" e-action-hash=\"#elementor-action%3Aaction%3Dlightbox%26settings%3DeyJpZCI6MTIxMSwidXJsIjoiaHR0cDpcL1wvd3d3LmpidC5odVwvd29yZHByZXNzXC9mb2xpYWhlZ2VzenRva1wvd3AtY29udGVudFwvdXBsb2Fkc1wvc2l0ZXNcLzEwXC8yMDIwXC8wMlwvNDAwU1pfYmFja19Mb2dvMy5qcGciLCJzbGlkZXNob3ciOiJjODI1YzcxIn0%3D\" href=\"http:\/\/www.jbt.hu\/wordpress\/foliahegesztok\/wp-content\/uploads\/sites\/10\/2020\/02\/400SZ_back_Logo3.jpg\"><figure class=\"swiper-slide-inner\"><img decoding=\"async\" class=\"swiper-slide-image\" src=\"http:\/\/www.jbt.hu\/wordpress\/foliahegesztok\/wp-content\/uploads\/sites\/10\/2020\/02\/400SZ_back_Logo3-768x576.jpg\" alt=\"400SZ_back_Logo3\" \/><\/figure><\/a><\/div><div class=\"swiper-slide\"><a data-elementor-open-lightbox=\"yes\" data-elementor-lightbox-slideshow=\"c825c71\" data-elementor-lightbox-title=\"400SZ_side_Logo\" e-action-hash=\"#elementor-action%3Aaction%3Dlightbox%26settings%3DeyJpZCI6MTIxMywidXJsIjoiaHR0cDpcL1wvd3d3LmpidC5odVwvd29yZHByZXNzXC9mb2xpYWhlZ2VzenRva1wvd3AtY29udGVudFwvdXBsb2Fkc1wvc2l0ZXNcLzEwXC8yMDIwXC8wMlwvNDAwU1pfc2lkZV9Mb2dvLmpwZyIsInNsaWRlc2hvdyI6ImM4MjVjNzEifQ%3D%3D\" href=\"http:\/\/www.jbt.hu\/wordpress\/foliahegesztok\/wp-content\/uploads\/sites\/10\/2020\/02\/400SZ_side_Logo.jpg\"><figure class=\"swiper-slide-inner\"><img decoding=\"async\" class=\"swiper-slide-image\" src=\"http:\/\/www.jbt.hu\/wordpress\/foliahegesztok\/wp-content\/uploads\/sites\/10\/2020\/02\/400SZ_side_Logo-768x576.jpg\" alt=\"400SZ_side_Logo\" \/><\/figure><\/a><\/div>\t\t\t<\/div>\n\t\t\t\t\t\t\t\t\t\t\t\t<div class=\"swiper-pagination\"><\/div>\n\t\t\t\t\t\t\t\t\t\t\t\t\t<div class=\"elementor-swiper-button elementor-swiper-button-prev\">\n\t\t\t\t\t\t<i aria-hidden=\"true\" class=\"eicon-chevron-left\"><\/i>\t\t\t\t\t\t<span class=\"elementor-screen-only\">El\u0151z\u0151<\/span>\n\t\t\t\t\t<\/div>\n\t\t\t\t\t<div class=\"elementor-swiper-button elementor-swiper-button-next\">\n\t\t\t\t\t\t<i aria-hidden=\"true\" class=\"eicon-chevron-right\"><\/i>\t\t\t\t\t\t<span class=\"elementor-screen-only\">K\u00f6vetkez\u0151<\/span>\n\t\t\t\t\t<\/div>\n\t\t\t\t\t\t\t\t\t<\/div>\n\t\t\t\t<\/div>\n\t\t\t\t<\/div>\n\t\t\t\t\t\t<\/div>\n\t\t\t\t\t<\/div>\n\t\t<\/div>\n\t\t\t\t<div class=\"elementor-column elementor-col-50 elementor-top-column elementor-element elementor-element-310ed70\" data-id=\"310ed70\" data-element_type=\"column\">\n\t\t\t<div class=\"elementor-column-wrap elementor-element-populated\">\n\t\t\t\t\t\t\t<div class=\"elementor-widget-wrap\">\n\t\t\t\t\t\t<div class=\"elementor-element elementor-element-3b4c149 elementor-widget elementor-widget-text-editor\" data-id=\"3b4c149\" data-element_type=\"widget\" data-widget_type=\"text-editor.default\">\n\t\t\t\t<div class=\"elementor-widget-container\">\n\t\t\t\t\t\t\t\t<div class=\"elementor-text-editor elementor-clearfix\">\n\t\t\t\t<p><span lang=\"hu\"><span title=\"\">Olyan hegeszt\u0151fog\u00f3, amely egyszer\u0171en haszn\u00e1lhat\u00f3, k\u00f6nny\u0171 \u00e9s teljesen biztons\u00e1gos a haszn\u00e1lat \u00e9s a munka biztons\u00e1ga szempontj\u00e1b\u00f3l?<br><\/span> <span title=\"\">Nem l\u00e9tezik?<\/span><br><span title=\"\">De<\/span><span title=\"\">!<\/span><\/span><\/p>\n<p>A <strong>polystar\u00ae<\/strong> m\u00e1rka 400 SZ hegeszt\u0151fog\u00f3ja ezeket a tulajdons\u00e1gokat egyes\u00edti egybe &#8211; \u00e9s GS munkav\u00e9delmi szabv\u00e1ny szerint tesztelve.<\/p>\n<p>Mint minden <strong>polystar\u00ae<\/strong> f\u00f3liahegeszt\u0151n\u00e9l \u00e9s a folyamatos f\u00f3liahegeszt\u0151k eset\u00e9ben, a tervez\u00e9s f\u00e1zis\u00e1t\u00f3l kezdve nagy hangs\u00falyt fektet\u00fcnk a felhaszn\u00e1l\u00f3 biztons\u00e1g\u00e1ra. Meg\u00e1llap\u00edtottuk, hogy b\u00e1r sok hegeszt\u0151fog\u00f3 van a piacon, nagyon kev\u00e9s helyezi a figyelmet a biztons\u00e1gra: a hegeszt\u0151fog\u00f3k \u00e1ltal\u00e1ban neh\u00e9z \u00e9s a foganty\u00fak kellemetlen\u00fcl forr\u00f3ak. Min\u00e9l k\u00f6zelebb van a f\u0171t\u0151elemekhez, ann\u00e1l nagyobb a vesz\u00e9lye az \u00e9g\u00e9snek.<\/p>\t\t\t\t\t<\/div>\n\t\t\t\t\t\t<\/div>\n\t\t\t\t<\/div>\n\t\t\t\t\t\t<\/div>\n\t\t\t\t\t<\/div>\n\t\t<\/div>\n\t\t\t\t\t\t\t\t<\/div>\n\t\t\t\t\t<\/div>\n\t\t<\/section>\n\t\t\t\t<section class=\"elementor-section elementor-top-section elementor-element elementor-element-a85f69e elementor-section-boxed elementor-section-height-default elementor-section-height-default\" data-id=\"a85f69e\" data-element_type=\"section\">\n\t\t\t\t\t\t<div class=\"elementor-container elementor-column-gap-default\">\n\t\t\t\t\t\t\t<div class=\"elementor-row\">\n\t\t\t\t\t<div class=\"elementor-column elementor-col-100 elementor-top-column elementor-element elementor-element-b9b6169\" data-id=\"b9b6169\" data-element_type=\"column\">\n\t\t\t<div class=\"elementor-column-wrap elementor-element-populated\">\n\t\t\t\t\t\t\t<div class=\"elementor-widget-wrap\">\n\t\t\t\t\t\t<div class=\"elementor-element elementor-element-a1719cf elementor-widget elementor-widget-heading\" data-id=\"a1719cf\" data-element_type=\"widget\" data-widget_type=\"heading.default\">\n\t\t\t\t<div class=\"elementor-widget-container\">\n\t\t\t<h3 class=\"elementor-heading-title elementor-size-default\">C\u00e9lunk, hogy jobb\u00e1 tegy\u00fck - azaz biztons\u00e1gosabb \u00e9s k\u00f6nnyebb legyen az \u00d6n sz\u00e1m\u00e1ra:<\/h3>\t\t<\/div>\n\t\t\t\t<\/div>\n\t\t\t\t\t\t<\/div>\n\t\t\t\t\t<\/div>\n\t\t<\/div>\n\t\t\t\t\t\t\t\t<\/div>\n\t\t\t\t\t<\/div>\n\t\t<\/section>\n\t\t\t\t<section class=\"elementor-section elementor-top-section elementor-element elementor-element-2385b57 elementor-section-boxed elementor-section-height-default elementor-section-height-default\" data-id=\"2385b57\" data-element_type=\"section\">\n\t\t\t\t\t\t<div class=\"elementor-container elementor-column-gap-default\">\n\t\t\t\t\t\t\t<div class=\"elementor-row\">\n\t\t\t\t\t<div class=\"elementor-column elementor-col-100 elementor-top-column elementor-element elementor-element-feabc84\" data-id=\"feabc84\" data-element_type=\"column\">\n\t\t\t<div class=\"elementor-column-wrap elementor-element-populated\">\n\t\t\t\t\t\t\t<div class=\"elementor-widget-wrap\">\n\t\t\t\t\t\t<div class=\"elementor-element elementor-element-22a0c57 elementor-widget elementor-widget-heading\" data-id=\"22a0c57\" data-element_type=\"widget\" data-widget_type=\"heading.default\">\n\t\t\t\t<div class=\"elementor-widget-container\">\n\t\t\t<h4 class=\"elementor-heading-title elementor-size-default\">H\u0151 v\u00e9delem \/ \u00e9g\u00e9s elleni v\u00e9delem:<\/h4>\t\t<\/div>\n\t\t\t\t<\/div>\n\t\t\t\t\t\t<\/div>\n\t\t\t\t\t<\/div>\n\t\t<\/div>\n\t\t\t\t\t\t\t\t<\/div>\n\t\t\t\t\t<\/div>\n\t\t<\/section>\n\t\t\t\t<section class=\"elementor-section elementor-top-section elementor-element elementor-element-c9a465b elementor-section-boxed elementor-section-height-default elementor-section-height-default\" data-id=\"c9a465b\" data-element_type=\"section\">\n\t\t\t\t\t\t<div class=\"elementor-container elementor-column-gap-default\">\n\t\t\t\t\t\t\t<div class=\"elementor-row\">\n\t\t\t\t\t<div class=\"elementor-column elementor-col-100 elementor-top-column elementor-element elementor-element-7dbbe90\" data-id=\"7dbbe90\" data-element_type=\"column\">\n\t\t\t<div class=\"elementor-column-wrap elementor-element-populated\">\n\t\t\t\t\t\t\t<div class=\"elementor-widget-wrap\">\n\t\t\t\t\t\t<div class=\"elementor-element elementor-element-ceb2e64 elementor-widget elementor-widget-text-editor\" data-id=\"ceb2e64\" data-element_type=\"widget\" data-widget_type=\"text-editor.default\">\n\t\t\t\t<div class=\"elementor-widget-container\">\n\t\t\t\t\t\t\t\t<div class=\"elementor-text-editor elementor-clearfix\">\n\t\t\t\t<ul><li>A polystar\u00ae 400 SZ hegeszt\u0151fog\u00f3kkal a f\u0171t\u0151elemek egy v\u00e9d\u0151 polikarbon\u00e1t burkolat m\u00f6g\u00f6tt vannak. Csak kis mennyis\u00e9g\u0171 h\u0151 jut \u00e1t \u200b\u200ba h\u0171t\u0151ny\u00edl\u00e1sokon.<\/li><li>A fog\u00f3foganty\u00fak legfeljebb meleg tapint\u00e1s\u00faak &#8211; kiv\u00e1l\u00f3 h\u0151szigetel\u00e9s\u00fcnknek k\u00f6sz\u00f6nhet\u0151en.<\/li><li>Haszn\u00e1laton k\u00edv\u00fcl a f\u0171t\u0151elemeket teljesen k\u00f6rbez\u00e1rja a polikarbon\u00e1t bor\u00edt\u00e1s. A \u201ev\u00e9letlen\u201d \u00e9g\u00e9s gyakorlatilag lehetetlen.<\/li><\/ul>\t\t\t\t\t<\/div>\n\t\t\t\t\t\t<\/div>\n\t\t\t\t<\/div>\n\t\t\t\t\t\t<\/div>\n\t\t\t\t\t<\/div>\n\t\t<\/div>\n\t\t\t\t\t\t\t\t<\/div>\n\t\t\t\t\t<\/div>\n\t\t<\/section>\n\t\t\t\t<section class=\"elementor-section elementor-top-section elementor-element elementor-element-edca468 elementor-section-boxed elementor-section-height-default elementor-section-height-default\" data-id=\"edca468\" data-element_type=\"section\">\n\t\t\t\t\t\t<div class=\"elementor-container elementor-column-gap-default\">\n\t\t\t\t\t\t\t<div class=\"elementor-row\">\n\t\t\t\t\t<div class=\"elementor-column elementor-col-100 elementor-top-column elementor-element elementor-element-d909916\" data-id=\"d909916\" data-element_type=\"column\">\n\t\t\t<div class=\"elementor-column-wrap elementor-element-populated\">\n\t\t\t\t\t\t\t<div class=\"elementor-widget-wrap\">\n\t\t\t\t\t\t<div class=\"elementor-element elementor-element-a7a1b7d elementor-widget elementor-widget-heading\" data-id=\"a7a1b7d\" data-element_type=\"widget\" data-widget_type=\"heading.default\">\n\t\t\t\t<div class=\"elementor-widget-container\">\n\t\t\t<h4 class=\"elementor-heading-title elementor-size-default\">K\u00f6nnyen kezelhet\u0151:<\/h4>\t\t<\/div>\n\t\t\t\t<\/div>\n\t\t\t\t\t\t<\/div>\n\t\t\t\t\t<\/div>\n\t\t<\/div>\n\t\t\t\t\t\t\t\t<\/div>\n\t\t\t\t\t<\/div>\n\t\t<\/section>\n\t\t\t\t<section class=\"elementor-section elementor-top-section elementor-element elementor-element-8eb6bc2 elementor-section-boxed elementor-section-height-default elementor-section-height-default\" data-id=\"8eb6bc2\" data-element_type=\"section\">\n\t\t\t\t\t\t<div class=\"elementor-container elementor-column-gap-default\">\n\t\t\t\t\t\t\t<div class=\"elementor-row\">\n\t\t\t\t\t<div class=\"elementor-column elementor-col-100 elementor-top-column elementor-element elementor-element-55042ab\" data-id=\"55042ab\" data-element_type=\"column\">\n\t\t\t<div class=\"elementor-column-wrap elementor-element-populated\">\n\t\t\t\t\t\t\t<div class=\"elementor-widget-wrap\">\n\t\t\t\t\t\t<div class=\"elementor-element elementor-element-48551e4 elementor-widget elementor-widget-text-editor\" data-id=\"48551e4\" data-element_type=\"widget\" data-widget_type=\"text-editor.default\">\n\t\t\t\t<div class=\"elementor-widget-container\">\n\t\t\t\t\t\t\t\t<div class=\"elementor-text-editor elementor-clearfix\">\n\t\t\t\t<ul><li>Mind\u00f6ssze 1,5 kg t\u00f6meg\u0171ek, hossz\u00fa ideig folyamatosan haszn\u00e1lhat\u00f3k.<\/li><li>Nem t\u00fal nehezek, ez\u00e9rt k\u00e9nyelmesebb\u00e9 \u00e9s kev\u00e9sb\u00e9 f\u00e1raszt\u00f3v\u00e1 teszik a munk\u00e1t.<\/li><li>K\u00f6nnyen kinyithat\u00f3 \/ z\u00e1rhat\u00f3 a foganty\u00fak egy\u00fcttes megnyom\u00e1s\u00e1val \/ elenged\u00e9s\u00e9vel.<\/li><li>A hegeszt\u00e9si folyamat akkor kezd\u0151dik, amikor a hegeszt\u0151fog\u00f3 (f\u0171t\u0151elemek) \u00f6sszez\u00e1rnak.<\/li><li>A hegeszt\u00e9s h\u0151m\u00e9rs\u00e9klete a foganty\u00faban l\u00e9v\u0151 forgathat\u00f3 mutat\u00f3gombbal \u00e1ll\u00edthat\u00f3 be.<\/li><li>A hegeszt\u00e9s ideje a speci\u00e1lis foganty\u00faelektronika seg\u00edts\u00e9g\u00e9vel \u00e1ll\u00edthat\u00f3 be.<\/li><li>Vizu\u00e1lis \u00e9s hallhat\u00f3 \u00e1llapotjelz\u00e9s.<\/li><li>Vizu\u00e1lis \u00e9s hallhat\u00f3 hibajel elt\u00e9r\u00e9sek \/ m\u0171k\u00f6d\u00e9si hib\u00e1k eset\u00e9n.<\/li><\/ul>\t\t\t\t\t<\/div>\n\t\t\t\t\t\t<\/div>\n\t\t\t\t<\/div>\n\t\t\t\t<div class=\"elementor-element elementor-element-4a690e9 elementor-widget elementor-widget-text-editor\" data-id=\"4a690e9\" data-element_type=\"widget\" data-widget_type=\"text-editor.default\">\n\t\t\t\t<div class=\"elementor-widget-container\">\n\t\t\t\t\t\t\t\t<div class=\"elementor-text-editor elementor-clearfix\">\n\t\t\t\t<p>Az alum\u00ednium \u00e9s a pap\u00edr kompozit f\u00f3li\u00e1k \u00e9s \/ vagy a PA \/ PE \u00e9s PP f\u00f3li\u00e1k k\u00f6nnyed\u00e9n lez\u00e1rhat\u00f3k, hogy a <strong>polystar\u00ae<\/strong> 400 SZ hegeszt\u0151fog\u00f3val l\u00e9gmentesen z\u00e1rja \u00e9s \u00edgy meg\u0151rizve az arom\u00e1kat.<\/p><p>\u00c9s a helyes h\u0151m\u00e9rs\u00e9kleti be\u00e1ll\u00edt\u00e1s mellett a doypack-tasakok is r\u00f6vid id\u0151 alatt lez\u00e1rhat\u00f3k. Ez\u00e9rt a polystar\u00ae 400 SZ hegeszt\u0151fog\u00f3 ide\u00e1lis p\u00e9ks\u00e9gek, cukr\u00e1szd\u00e1k \u00e9s f\u0171szeres \u00fczletekben t\u00f6rt\u00e9n\u0151 felhaszn\u00e1l\u00e1shoz. \u00cdgy frissen csomagolt &#8211; \u00e9s arom\u00e1val lez\u00e1rt &#8211; \u00e1rut k\u00e9zbes\u00edthet vele hazautaz\u00e1sra.<\/p><p>Term\u00e9szetesen a folyamatosan hev\u00edtett polystar\u00ae 400 SZ hegeszt\u0151fog\u00f3k hossz\u00fa ideig haszn\u00e1lhat\u00f3k. Nagysz\u00e1m\u00fa cikket tartalmaz\u00f3, t\u00f6bb \u00f3r\u00e1n \u00e1t tart\u00f3 gy\u00e1rt\u00e1si ciklusok probl\u00e9mamentesen kezelhet\u0151k.<\/p><p><b>Fontos:<\/b> A <strong>polystar\u00ae<\/strong> folyamatos hegeszt\u0151fog\u00f3k nem alkalmasak polietil\u00e9n zs\u00e1kokhoz (PE tasakok).<\/p><p>\u00a0<\/p><p>Polietil\u00e9n zacsk\u00f3k (PE zs\u00e1kok) vagy polietil\u00e9n f\u00f3li\u00e1k (PE f\u00f3li\u00e1k) lez\u00e1r\u00e1s\u00e1hoz haszn\u00e1lja a polystar\u00ae h\u0151 impulzusos hegeszt\u0151fog\u00f3kat vagy a <b>polystar\u00ae<\/b> 350\/5 DSM sorozat folyamatos f\u00f3liahegeszt\u0151ket.<\/p>\t\t\t\t\t<\/div>\n\t\t\t\t\t\t<\/div>\n\t\t\t\t<\/div>\n\t\t\t\t\t\t<\/div>\n\t\t\t\t\t<\/div>\n\t\t<\/div>\n\t\t\t\t\t\t\t\t<\/div>\n\t\t\t\t\t<\/div>\n\t\t<\/section>\n\t\t\t\t<section class=\"elementor-section elementor-top-section elementor-element elementor-element-6f4ec76 elementor-section-boxed elementor-section-height-default elementor-section-height-default\" data-id=\"6f4ec76\" data-element_type=\"section\">\n\t\t\t\t\t\t<div class=\"elementor-container elementor-column-gap-default\">\n\t\t\t\t\t\t\t<div class=\"elementor-row\">\n\t\t\t\t\t<div class=\"elementor-column elementor-col-100 elementor-top-column elementor-element elementor-element-67ba58d\" data-id=\"67ba58d\" data-element_type=\"column\">\n\t\t\t<div class=\"elementor-column-wrap elementor-element-populated\">\n\t\t\t\t\t\t\t<div class=\"elementor-widget-wrap\">\n\t\t\t\t\t\t<div class=\"elementor-element elementor-element-8c60719 elementor-widget elementor-widget-heading\" data-id=\"8c60719\" data-element_type=\"widget\" data-widget_type=\"heading.default\">\n\t\t\t\t<div class=\"elementor-widget-container\">\n\t\t\t<h4 class=\"elementor-heading-title elementor-size-default\">M\u0171szaki adatok:<\/h4>\t\t<\/div>\n\t\t\t\t<\/div>\n\t\t\t\t\t\t<\/div>\n\t\t\t\t\t<\/div>\n\t\t<\/div>\n\t\t\t\t\t\t\t\t<\/div>\n\t\t\t\t\t<\/div>\n\t\t<\/section>\n\t\t\t\t<section class=\"elementor-section elementor-top-section elementor-element elementor-element-df39602 elementor-section-boxed elementor-section-height-default elementor-section-height-default\" data-id=\"df39602\" data-element_type=\"section\">\n\t\t\t\t\t\t<div class=\"elementor-container elementor-column-gap-default\">\n\t\t\t\t\t\t\t<div class=\"elementor-row\">\n\t\t\t\t\t<div class=\"elementor-column elementor-col-50 elementor-top-column elementor-element elementor-element-037c533\" data-id=\"037c533\" data-element_type=\"column\">\n\t\t\t<div class=\"elementor-column-wrap elementor-element-populated\">\n\t\t\t\t\t\t\t<div class=\"elementor-widget-wrap\">\n\t\t\t\t\t\t<div class=\"elementor-element elementor-element-55e25cc elementor-widget elementor-widget-shortcode\" data-id=\"55e25cc\" data-element_type=\"widget\" data-widget_type=\"shortcode.default\">\n\t\t\t\t<div class=\"elementor-widget-container\">\n\t\t\t\t\t<div class=\"elementor-shortcode\">\n<table id=\"tablepress-24\" class=\"tablepress tablepress-id-24\">\n<thead>\n<tr class=\"row-1 odd\">\n\t<th class=\"column-1\">&nbsp;<\/th><th class=\"column-2\">polystar\u00ae 400 SZ<\/th>\n<\/tr>\n<\/thead>\n<tbody class=\"row-hover\">\n<tr class=\"row-2 even\">\n\t<td class=\"column-1\">Maxim\u00e1lis hegeszt\u00e9si hossz<\/td><td class=\"column-2\">400 mm<\/td>\n<\/tr>\n<tr class=\"row-3 odd\">\n\t<td class=\"column-1\">Hegeszt\u00e9si sz\u00e9less\u00e9g<\/td><td class=\"column-2\">12 mm red\u0151s<\/td>\n<\/tr>\n<tr class=\"row-4 even\">\n\t<td class=\"column-1\">Hegeszt\u00e9si h\u0151m\u00e9rs\u00e9klet<\/td><td class=\"column-2\">\u00c1ll\u00edthat\u00f3 100 - 220\u00b0C<\/td>\n<\/tr>\n<tr class=\"row-5 odd\">\n\t<td class=\"column-1\">\u00c1ramsz\u00fcks\u00e9glet (max)<\/td><td class=\"column-2\">1,8 A<\/td>\n<\/tr>\n<tr class=\"row-6 even\">\n\t<td class=\"column-1\">\u00c1ramfogyaszt\u00e1s (max)<\/td><td class=\"column-2\">400 watt<\/td>\n<\/tr>\n<tr class=\"row-7 odd\">\n\t<td class=\"column-1\">M\u00e9retek<\/td><td class=\"column-2\">425 x 300 x 130 mm<\/td>\n<\/tr>\n<tr class=\"row-8 even\">\n\t<td class=\"column-1\">Nett\u00f3 s\u00faly<\/td><td class=\"column-2\">1.5 kg<\/td>\n<\/tr>\n<tr class=\"row-9 odd\">\n\t<td class=\"column-1\">Csatlakoz\u00e1s<\/td><td class=\"column-2\">230 V\/50 Hz<\/td>\n<\/tr>\n<\/tbody>\n<\/table>\n<!-- #tablepress-24 from cache --><\/div>\n\t\t\t\t<\/div>\n\t\t\t\t<\/div>\n\t\t\t\t\t\t<\/div>\n\t\t\t\t\t<\/div>\n\t\t<\/div>\n\t\t\t\t<div class=\"elementor-column elementor-col-50 elementor-top-column elementor-element elementor-element-fee7b42\" data-id=\"fee7b42\" data-element_type=\"column\">\n\t\t\t<div class=\"elementor-column-wrap elementor-element-populated\">\n\t\t\t\t\t\t\t<div class=\"elementor-widget-wrap\">\n\t\t\t\t\t\t<div class=\"elementor-element elementor-element-54b0fa2 elementor-widget elementor-widget-text-editor\" data-id=\"54b0fa2\" data-element_type=\"widget\" data-widget_type=\"text-editor.default\">\n\t\t\t\t<div class=\"elementor-widget-container\">\n\t\t\t\t\t\t\t\t<div class=\"elementor-text-editor elementor-clearfix\">\n\t\t\t\t<p>A k\u00e9sz\u00fcl\u00e9k 5 m-es csatlakoz\u00f3k\u00e1bellel ker\u00fcl sz\u00e1ll\u00edt\u00e1sra. A m\u00e9ret \u00e9s a s\u00faly hozz\u00e1vet\u0151legesen megadott. A m\u0171szaki v\u00e1ltoztat\u00e1sok jog\u00e1t fenntartjuk. <\/p>\t\t\t\t\t<\/div>\n\t\t\t\t\t\t<\/div>\n\t\t\t\t<\/div>\n\t\t\t\t\t\t<\/div>\n\t\t\t\t\t<\/div>\n\t\t<\/div>\n\t\t\t\t\t\t\t\t<\/div>\n\t\t\t\t\t<\/div>\n\t\t<\/section>\n\t\t\t\t<section class=\"elementor-section elementor-top-section elementor-element elementor-element-e4a5b57 elementor-section-boxed elementor-section-height-default elementor-section-height-default\" data-id=\"e4a5b57\" data-element_type=\"section\">\n\t\t\t\t\t\t<div class=\"elementor-container elementor-column-gap-default\">\n\t\t\t\t\t\t\t<div class=\"elementor-row\">\n\t\t\t\t\t<div class=\"elementor-column elementor-col-100 elementor-top-column elementor-element elementor-element-b3cc011\" data-id=\"b3cc011\" data-element_type=\"column\">\n\t\t\t<div class=\"elementor-column-wrap elementor-element-populated\">\n\t\t\t\t\t\t\t<div class=\"elementor-widget-wrap\">\n\t\t\t\t\t\t<div class=\"elementor-element elementor-element-c706186 elementor-widget elementor-widget-button\" data-id=\"c706186\" data-element_type=\"widget\" data-widget_type=\"button.default\">\n\t\t\t\t<div class=\"elementor-widget-container\">\n\t\t\t\t\t<div class=\"elementor-button-wrapper\">\n\t\t\t<a href=\"http:\/\/www.jbt.hu\/wordpress\/foliahegesztok\/wp-content\/uploads\/sites\/10\/2020\/04\/400-SZ.pdf\" target=\"_blank\" class=\"elementor-button-link elementor-button elementor-size-sm\" role=\"button\">\n\t\t\t\t\t\t<span class=\"elementor-button-content-wrapper\">\n\t\t\t\t\t\t\t<span class=\"elementor-button-icon elementor-align-icon-left\">\n\t\t\t\t<i aria-hidden=\"true\" class=\"fas fa-file-download\"><\/i>\t\t\t<\/span>\n\t\t\t\t\t\t<span class=\"elementor-button-text\">Let\u00f6lthet\u0151 inf\u00f3 lap<\/span>\n\t\t<\/span>\n\t\t\t\t\t<\/a>\n\t\t<\/div>\n\t\t\t\t<\/div>\n\t\t\t\t<\/div>\n\t\t\t\t\t\t<\/div>\n\t\t\t\t\t<\/div>\n\t\t<\/div>\n\t\t\t\t\t\t\t\t<\/div>\n\t\t\t\t\t<\/div>\n\t\t<\/section>\n\t\t\t\t\t\t\t\t\t<\/div>\n\t\t\t<\/div>\n\t\t\t\t\t<\/div>\n\t\t","protected":false},"excerpt":{"rendered":"<p>Pihek\u00f6nny\u0171 lez\u00e1r\u00e1s: biztons\u00e1gosan \u00e9s gyorsan El\u0151z\u0151 K\u00f6vetkez\u0151 Olyan hegeszt\u0151fog\u00f3, amely egyszer\u0171en haszn\u00e1lhat\u00f3, k\u00f6nny\u0171 \u00e9s teljesen biztons\u00e1gos a haszn\u00e1lat \u00e9s a munka biztons\u00e1ga szempontj\u00e1b\u00f3l? Nem l\u00e9tezik?De! A polystar\u00ae m\u00e1rka 400 SZ hegeszt\u0151fog\u00f3ja ezeket a tulajdons\u00e1gokat egyes\u00edti egybe &#8211; \u00e9s GS munkav\u00e9delmi szabv\u00e1ny szerint tesztelve. Mint minden polystar\u00ae f\u00f3liahegeszt\u0151n\u00e9l \u00e9s a folyamatos&#8230;<\/p>\n<p> <a class=\"continue-reading-link\" href=\"http:\/\/www.jbt.hu\/wordpress\/foliahegesztok\/biztonsagi-folyamatos-futesu-hegesztofogo-alu-laminalt-papir-es-kombinalt-foliak-hegesztesere\/\"><span>Tov\u00e1bb<\/span><i class=\"crycon-right-dir\"><\/i><\/a> <\/p>\n","protected":false},"author":1,"featured_media":0,"parent":0,"menu_order":0,"comment_status":"closed","ping_status":"closed","template":"","meta":[],"aioseo_notices":[],"_links":{"self":[{"href":"http:\/\/www.jbt.hu\/wordpress\/foliahegesztok\/wp-json\/wp\/v2\/pages\/1209"}],"collection":[{"href":"http:\/\/www.jbt.hu\/wordpress\/foliahegesztok\/wp-json\/wp\/v2\/pages"}],"about":[{"href":"http:\/\/www.jbt.hu\/wordpress\/foliahegesztok\/wp-json\/wp\/v2\/types\/page"}],"author":[{"embeddable":true,"href":"http:\/\/www.jbt.hu\/wordpress\/foliahegesztok\/wp-json\/wp\/v2\/users\/1"}],"replies":[{"embeddable":true,"href":"http:\/\/www.jbt.hu\/wordpress\/foliahegesztok\/wp-json\/wp\/v2\/comments?post=1209"}],"version-history":[{"count":20,"href":"http:\/\/www.jbt.hu\/wordpress\/foliahegesztok\/wp-json\/wp\/v2\/pages\/1209\/revisions"}],"predecessor-version":[{"id":1334,"href":"http:\/\/www.jbt.hu\/wordpress\/foliahegesztok\/wp-json\/wp\/v2\/pages\/1209\/revisions\/1334"}],"wp:attachment":[{"href":"http:\/\/www.jbt.hu\/wordpress\/foliahegesztok\/wp-json\/wp\/v2\/media?parent=1209"}],"curies":[{"name":"wp","href":"https:\/\/api.w.org\/{rel}","templated":true}]}}